000
CDUS46 KSGX 261130
CLISAN


CLIMATE REPORT
NATIONAL WEATHER SERVICE SAN DIEGO, CA
429 AM PDT SAT MAY 26 2018


...................................

...THE SAN DIEGO INTL AIRPORT CA CLIMATE SUMMARY FOR MAY 25 2018...

CLIMATE NORMAL PERIOD 1981 TO 2010
CLIMATE RECORD PERIOD 1874 TO 2018


WEATHER ITEM   OBSERVED TIME   RECORD YEAR NORMAL DEPARTURE LAST
                VALUE   (LST)  VALUE       VALUE  FROM      YEAR
                                                  NORMAL
..................................................................
TEMPERATURE (F)
 YESTERDAY
  MAXIMUM         70   1201 PM  98    1896  69      1       68
  MINIMUM         61   1159 PM  49    1879  60      1       61
  AVERAGE         66                        64      2       65

PRECIPITATION (IN)
  YESTERDAY        0.00          0.19 1931   0.00   0.00     0.00
  MONTH TO DATE    0.12                      0.10   0.02     0.92
  SINCE OCT 1      3.32                     10.05  -6.73    12.63
  SINCE JAN 1      3.23                      6.94  -3.71     7.73

DEGREE DAYS
 HEATING
  YESTERDAY        0                         1     -1        0
  MONTH TO DATE   44                        51     -7       34
  SINCE MAR 1    225                       342   -117      129
  SINCE JUL 1    676                      1200   -524      721

 COOLING
  YESTERDAY        1                         1      0        0
  MONTH TO DATE   10                        25    -15       42
  SINCE MAR 1     34                        44    -10       88
  SINCE JAN 1     51                        49      2       88
..................................................................


WIND (MPH)
  RESULTANT WIND SPEED  10   RESULTANT WIND DIRECTION  NW (310)
  HIGHEST WIND SPEED    18   HIGHEST WIND DIRECTION     W (280)
  HIGHEST GUST SPEED    23   HIGHEST GUST DIRECTION     W (290)
  AVERAGE WIND SPEED     9.8


SKY COVER
  POSSIBLE SUNSHINE  MM
  AVERAGE SKY COVER 0.7


WEATHER CONDITIONS
 THE FOLLOWING WEATHER WAS RECORDED YESTERDAY.
  NO SIGNIFICANT WEATHER WAS OBSERVED.


RELATIVE HUMIDITY (PERCENT)
 HIGHEST    78           500 AM
 LOWEST     53           100 PM
 AVERAGE    66

..........................................................


THE SAN DIEGO INTL AIRPORT CA CLIMATE NORMALS FOR TODAY
                         NORMAL    RECORD    YEAR
 MAXIMUM TEMPERATURE (F)   69        87      1896
 MINIMUM TEMPERATURE (F)   60        50      1916
                                             1911


SUNRISE AND SUNSET
MAY 26 2018...........SUNRISE   544 AM PDT   SUNSET   748 PM PDT
MAY 27 2018...........SUNRISE   543 AM PDT   SUNSET   749 PM PDT


-  INDICATES NEGATIVE NUMBERS.
R  INDICATES RECORD WAS SET OR TIED.
MM INDICATES DATA IS MISSING.
T  INDICATES TRACE AMOUNT.




$$
