000
CDUS43 KIWX 260521
CLISBN


CLIMATE REPORT
NATIONAL WEATHER SERVICE NORTHERN INDIANA
121 AM EDT SAT MAY 26 2018


...................................

...THE SOUTH BEND CLIMATE SUMMARY FOR MAY 25 2018...

CLIMATE NORMAL PERIOD 1981 TO 2010
CLIMATE RECORD PERIOD 1893 TO 2018


WEATHER ITEM   OBSERVED TIME   RECORD YEAR NORMAL DEPARTURE LAST
                VALUE   (LST)  VALUE       VALUE  FROM      YEAR
                                                  NORMAL
..................................................................
TEMPERATURE (F)
 YESTERDAY
  MAXIMUM         87    508 PM  91    1977  73     14       60
  MINIMUM         57    354 AM  28    1925  52      5       48
  AVERAGE         72                        62     10       54

PRECIPITATION (IN)
  YESTERDAY        0.00          2.25 2011   0.13  -0.13     0.01
  MONTH TO DATE    7.30                      3.04   4.26     4.28
  SINCE MAR 1     12.08                      8.69   3.39    11.60
  SINCE JAN 1     22.09                     12.93   9.16    18.59

SNOWFALL (IN)
  YESTERDAY        0.0           0.0  2002   0.0    0.0     MM
                                      2001
  MONTH TO DATE    0.0                       0.0    0.0      0.0
  SINCE MAR 1      9.1                       8.5    0.6      8.5
  SINCE JUL 1     93.1                      66.6   26.5     42.2
  SNOW DEPTH       0

DEGREE DAYS
 HEATING
  YESTERDAY        0                         5     -5       11
  MONTH TO DATE   83                       198   -115      256
  SINCE MAR 1   1776                      1540    236     1508
  SINCE JUL 1   6469                      6229    240     5485

 COOLING
  YESTERDAY        7                         2      5        0
  MONTH TO DATE   32                        32      0       25
  SINCE MAR 1     32                        42    -10       36
  SINCE JAN 1     32                        42    -10       36
..................................................................


WIND (MPH)
  HIGHEST WIND SPEED    15   HIGHEST WIND DIRECTION    SW (220)
  HIGHEST GUST SPEED    20   HIGHEST GUST DIRECTION     S (200)
  AVERAGE WIND SPEED     5.7


SKY COVER
  AVERAGE SKY COVER 0.0


WEATHER CONDITIONS
 THE FOLLOWING WEATHER WAS RECORDED YESTERDAY.
  NO SIGNIFICANT WEATHER WAS OBSERVED.


RELATIVE HUMIDITY (PERCENT)
 HIGHEST    78          1200 AM
 LOWEST     36           300 PM
 AVERAGE    57

..........................................................


THE SOUTH BEND CLIMATE NORMALS FOR TODAY
                         NORMAL    RECORD    YEAR
 MAXIMUM TEMPERATURE (F)   73        91      1914
 MINIMUM TEMPERATURE (F)   52        33      1961


SUNRISE AND SUNSET
MAY 26 2018...........SUNRISE   617 AM EDT   SUNSET   909 PM EDT
MAY 27 2018...........SUNRISE   616 AM EDT   SUNSET   909 PM EDT


-  INDICATES NEGATIVE NUMBERS.
R  INDICATES RECORD WAS SET OR TIED.
MM INDICATES DATA IS MISSING.
T  INDICATES TRACE AMOUNT.




$$
