000
CDUS46 KLOX 231000
CLISDB


CLIMATE REPORT
NATIONAL WEATHER SERVICE LOS ANGELES/OXNARD CA
300 AM PDT MON APR 23 2018


...................................

...THE SANDBERG CA CLIMATE SUMMARY FOR APRIL 22 2018...

CLIMATE NORMAL PERIOD 1981 TO 2010
CLIMATE RECORD PERIOD 1934 TO 2018


WEATHER ITEM   OBSERVED TIME   RECORD YEAR NORMAL DEPARTURE LAST
                VALUE   (LST)  VALUE       VALUE  FROM      YEAR
                                                  NORMAL
..................................................................
TEMPERATURE (F)
 YESTERDAY
  MAXIMUM         75    248 PM  84    2017  60     15       84
  MINIMUM         55    515 AM  25    1967  43     12       54
  AVERAGE         65                        52     13       69

PRECIPITATION (IN)
  YESTERDAY        0.00          0.21 1967   0.02  -0.02     0.00
  MONTH TO DATE    0.01                      0.51  -0.50     0.09
  SINCE OCT 1      6.67                     11.52  -4.85    12.69
  SINCE JAN 1      6.62                      7.89  -1.27     8.85

DEGREE DAYS
 HEATING
  YESTERDAY        0                        14    -14        0
  MONTH TO DATE  262                       345    -83      194
  SINCE MAR 1    851                       915    -64      525
  SINCE JUL 1   2450                      3674  -1224     2782

 COOLING
  YESTERDAY        0                         0      0        4
  MONTH TO DATE    0                         0      0        4
  SINCE MAR 1      0                         1     -1       20
  SINCE JAN 1      2                         1      1       20
..................................................................


WIND (MPH)
  HIGHEST WIND SPEED    23   HIGHEST WIND DIRECTION    NW (320)
  HIGHEST GUST SPEED    28   HIGHEST GUST DIRECTION     N (340)
  AVERAGE WIND SPEED    12.0


SKY COVER
  POSSIBLE SUNSHINE  MM
  AVERAGE SKY COVER 0.0


WEATHER CONDITIONS
 THE FOLLOWING WEATHER WAS RECORDED YESTERDAY.
  NO SIGNIFICANT WEATHER WAS OBSERVED.


RELATIVE HUMIDITY (PERCENT)
 HIGHEST    47           300 AM
 LOWEST     14          1100 AM
 AVERAGE    31

..........................................................


THE SANDBERG CA CLIMATE NORMALS FOR TODAY
                         NORMAL    RECORD    YEAR
 MAXIMUM TEMPERATURE (F)   60        85      1949
 MINIMUM TEMPERATURE (F)   43        26      1964


SUNRISE AND SUNSET
APRIL 23 2018.........SUNRISE   613 AM PDT   SUNSET   734 PM PDT
APRIL 24 2018.........SUNRISE   612 AM PDT   SUNSET   734 PM PDT


-  INDICATES NEGATIVE NUMBERS.
R  INDICATES RECORD WAS SET OR TIED.
MM INDICATES DATA IS MISSING.
T  INDICATES TRACE AMOUNT.




$$
