000
CDUS43 KLMK 250626
CLISDF


CLIMATE REPORT
NATIONAL WEATHER SERVICE LOUISVILLE KY
226 AM EDT WED APR 25 2018


...................................

...THE LOUISVILLE KY CLIMATE SUMMARY FOR APRIL 24 2018...

CLIMATE NORMAL PERIOD 1981 TO 2010
CLIMATE RECORD PERIOD 1871 TO 2018


WEATHER ITEM   OBSERVED TIME   RECORD YEAR NORMAL DEPARTURE LAST
                VALUE   (LST)  VALUE       VALUE  FROM      YEAR
                                                  NORMAL
..................................................................
TEMPERATURE (F)
 YESTERDAY
  MAXIMUM         59    434 PM  91    1960  72    -13       77
                                      1925
  MINIMUM         54    837 AM  33    2005  50      4       52
                                      1927
                                      1919
  AVERAGE         57                        61     -4       65

PRECIPITATION (IN)
  YESTERDAY        0.19          2.34 1966   0.15   0.04     0.00
  MONTH TO DATE    3.40                      3.11   0.29     2.90
  SINCE MAR 1      8.45                      7.28   1.17     6.58
  SINCE JAN 1     20.75                     13.70   7.05    12.85

SNOWFALL (IN)
  YESTERDAY        0.0           T    1910   0.0    0.0      0.0
  MONTH TO DATE    1.2                       0.1    1.1      0.0
  SINCE MAR 1     13.1                       1.5   11.6       T
  SINCE JUL 1     19.1                      12.5    6.6      2.7
  SNOW DEPTH       0

DEGREE DAYS
 HEATING
  YESTERDAY        8                         6      2        0
  MONTH TO DATE  329                       215    114       89
  SINCE MAR 1    930                       753    177      547
  SINCE JUL 1   4018                      3994     24     3012

 COOLING
  YESTERDAY        0                         2     -2        0
  MONTH TO DATE   19                        29    -10       73
  SINCE MAR 1     19                        35    -16       84
  SINCE JAN 1     31                        35     -4       89
..................................................................


WIND (MPH)
  HIGHEST WIND SPEED    10   HIGHEST WIND DIRECTION    NW (320)
  HIGHEST GUST SPEED    14   HIGHEST GUST DIRECTION    NW (310)
  AVERAGE WIND SPEED     5.6


SKY COVER
  POSSIBLE SUNSHINE  MM
  AVERAGE SKY COVER 1.0


WEATHER CONDITIONS
 THE FOLLOWING WEATHER WAS RECORDED YESTERDAY.
  LIGHT RAIN
  FOG


RELATIVE HUMIDITY (PERCENT)
 HIGHEST   100           800 AM
 LOWEST     86           700 PM
 AVERAGE    93

..........................................................


THE LOUISVILLE KY CLIMATE NORMALS FOR TODAY
                         NORMAL    RECORD    YEAR
 MAXIMUM TEMPERATURE (F)   72        88      1990
                                             1989
                                             1915
 MINIMUM TEMPERATURE (F)   50        29      1919


SUNRISE AND SUNSET
APRIL 25 2018.........SUNRISE   654 AM EDT   SUNSET   829 PM EDT
APRIL 26 2018.........SUNRISE   653 AM EDT   SUNSET   829 PM EDT


-  INDICATES NEGATIVE NUMBERS.
R  INDICATES RECORD WAS SET OR TIED.
MM INDICATES DATA IS MISSING.
T  INDICATES TRACE AMOUNT.




$$
