000
CDUS46 KOTX 210833
CLISFF


CLIMATE REPORT
NATIONAL WEATHER SERVICE SPOKANE, WA
131 AM PDT SAT APR 21 2018


...................................

...THE SPOKANE WA FELTS AIRPORT CLIMATE SUMMARY FOR APRIL 20 2018...

CLIMATE NORMAL PERIOD 1981 TO 2010
CLIMATE RECORD PERIOD 9999 TO 9999


WEATHER ITEM   OBSERVED TIME   RECORD YEAR NORMAL DEPARTURE LAST
                VALUE   (LST)  VALUE       VALUE  FROM      YEAR
                                                  NORMAL
..................................................................
TEMPERATURE (F)
 YESTERDAY
  MAXIMUM         65    335 PM  MM      MM  60      5       59
  MINIMUM         35    454 AM  MM      MM  36     -1       42
  AVERAGE         50                        48      2       51

PRECIPITATION (IN)
  YESTERDAY        0.00         MM      MM   0.04  -0.04     0.02
  MONTH TO DATE    2.34                      0.86   1.48     1.58
  SINCE OCT 1     14.25                     11.96   2.29    19.29
  SINCE JAN 1      7.35                      5.76   1.59    10.20

DEGREE DAYS
 HEATING
  YESTERDAY       15                        17     -2       14
  MONTH TO DATE  393                       375     18      366
  SINCE MAR 1   1138                      1125     13     1049
  SINCE JUL 1   5455                      5696   -241     5645

 COOLING
  YESTERDAY        0                         0      0        0
  MONTH TO DATE    0                         0      0        0
  SINCE MAR 1      0                         0      0        0
  SINCE JAN 1      0                         0      0        0
..................................................................


WIND (MPH)
  HIGHEST WIND SPEED    16   HIGHEST WIND DIRECTION    SW (230)
  HIGHEST GUST SPEED    22   HIGHEST GUST DIRECTION    SW (210)
  AVERAGE WIND SPEED     5.6


SKY COVER
  POSSIBLE SUNSHINE  MM
  AVERAGE SKY COVER 0.1


WEATHER CONDITIONS
 THE FOLLOWING WEATHER WAS RECORDED YESTERDAY.
  NO SIGNIFICANT WEATHER WAS OBSERVED.


RELATIVE HUMIDITY (PERCENT)
 HIGHEST    85           200 AM
 LOWEST     31           400 PM
 AVERAGE    58

..........................................................


THE SPOKANE WA FELTS AIRPORT CLIMATE NORMALS FOR TODAY
                         NORMAL    RECORD    YEAR
 MAXIMUM TEMPERATURE (F)   60        MM        MM
 MINIMUM TEMPERATURE (F)   36        MM        MM


SUNRISE AND SUNSET
APRIL 21 2018.........SUNRISE   549 AM PDT   SUNSET   748 PM PDT
APRIL 22 2018.........SUNRISE   547 AM PDT   SUNSET   749 PM PDT


-  INDICATES NEGATIVE NUMBERS.
R  INDICATES RECORD WAS SET OR TIED.
MM INDICATES DATA IS MISSING.
T  INDICATES TRACE AMOUNT.




$$
