000
CDUS45 KBYZ 220915
CLISHR


CLIMATE REPORT
NATIONAL WEATHER SERVICE BILLINGS MT
314 AM MDT SUN APR 22 2018


...................................

...THE SHERIDAN WY CLIMATE SUMMARY FOR APRIL 21 2018...

CLIMATE NORMAL PERIOD 1981 TO 2010
CLIMATE RECORD PERIOD 1907 TO 2018


WEATHER ITEM   OBSERVED TIME   RECORD YEAR NORMAL DEPARTURE LAST
                VALUE   (LST)  VALUE       VALUE  FROM      YEAR
                                                  NORMAL
..................................................................
TEMPERATURE (F)
 YESTERDAY
  MAXIMUM         70    418 PM  86    1989  59     11       49
  MINIMUM         29    524 AM   4    1927  31     -2       41
  AVERAGE         50                        45      5       45

PRECIPITATION (IN)
  YESTERDAY        0.00          0.70 2013   0.06  -0.06     0.51
  MONTH TO DATE    1.12                      0.98   0.14     0.96
  SINCE OCT 1      7.77                      5.74   2.03     9.82
  SINCE JAN 1      4.78                      3.06   1.72     6.09

DEGREE DAYS
 HEATING
  YESTERDAY       15                        20     -5       20
  MONTH TO DATE  565                       475     90      387
  SINCE MAR 1   1569                      1399    170     1122
  SINCE JUL 1   7309                      6934    375     6644

 COOLING
  YESTERDAY        0                         0      0        0
  MONTH TO DATE    0                         0      0        0
  SINCE MAR 1      0                         0      0        0
  SINCE JAN 1      0                         0      0        0
..................................................................


WIND (MPH)
  HIGHEST WIND SPEED    21   HIGHEST WIND DIRECTION    NW (300)
  HIGHEST GUST SPEED    26   HIGHEST GUST DIRECTION    NW (310)
  AVERAGE WIND SPEED     3.1


SKY COVER
  POSSIBLE SUNSHINE  MM
  AVERAGE SKY COVER 0.0


WEATHER CONDITIONS
 THE FOLLOWING WEATHER WAS RECORDED YESTERDAY.
  NO SIGNIFICANT WEATHER WAS OBSERVED.


RELATIVE HUMIDITY (PERCENT)
 HIGHEST    92           100 AM
 LOWEST     26           400 PM
 AVERAGE    59

..........................................................


THE SHERIDAN WY CLIMATE NORMALS FOR TODAY
                         NORMAL    RECORD    YEAR
 MAXIMUM TEMPERATURE (F)   59        83      1994
                                             1989
                                             1986
 MINIMUM TEMPERATURE (F)   31         4      2013


SUNRISE AND SUNSET
APRIL 22 2018.........SUNRISE   612 AM MDT   SUNSET   802 PM MDT
APRIL 23 2018.........SUNRISE   610 AM MDT   SUNSET   803 PM MDT


-  INDICATES NEGATIVE NUMBERS.
R  INDICATES RECORD WAS SET OR TIED.
MM INDICATES DATA IS MISSING.
T  INDICATES TRACE AMOUNT.




$$
