000
CDUS45 KSLC 261228
CLISLC


CLIMATE REPORT
NATIONAL WEATHER SERVICE SALT LAKE CITY UT
628 AM MDT SAT MAY 26 2018


...................................

...THE SALT LAKE CITY UT CLIMATE SUMMARY FOR MAY 25 2018...

CLIMATE NORMAL PERIOD 1981 TO 2010
CLIMATE RECORD PERIOD 1874 TO 2018


WEATHER ITEM   OBSERVED TIME   RECORD YEAR NORMAL DEPARTURE LAST
                VALUE   (LST)  VALUE       VALUE  FROM      YEAR
                                                  NORMAL
..................................................................
TEMPERATURE (F)
 YESTERDAY
  MAXIMUM         90        MM  92    2001  75     15       71
                                      1961
                                      1886
  MINIMUM         59    300 AM  32    1975  50      9       56
  AVERAGE         75                        63     12       64

PRECIPITATION (IN)
  YESTERDAY        0.00          1.27 1973   0.05  -0.05      T
  MONTH TO DATE    0.97                      1.62  -0.65     0.61
  SINCE OCT 1      9.47                     12.28  -2.81    15.64
  SINCE JAN 1      7.34                      7.90  -0.56    11.00

SNOWFALL (IN)
  YESTERDAY        0.0           T    1997   0.0    0.0      0.0
                                      1980
  MONTH TO DATE    0.0                       0.3   -0.3      0.1
  SINCE OCT 1     43.5                      56.2  -12.7     51.4
  SINCE JUL 1     43.5                      56.2  -12.7     51.4
  SNOW DEPTH       0

DEGREE DAYS
 HEATING
  YESTERDAY        0                         4     -4        1
  MONTH TO DATE   86                       182    -96      130
  SINCE MAR 1    965                      1282   -317     1017
  SINCE JUL 1   4501                      5538  -1037     4770

 COOLING
  YESTERDAY       10                         2      8        0
  MONTH TO DATE   57                        32     25       43
  SINCE MAR 1     68                        36     32       45
  SINCE JAN 1     68                        36     32       45
..................................................................


WIND (MPH)
  RESULTANT WIND SPEED   6   RESULTANT WIND DIRECTION   S (160)
  HIGHEST WIND SPEED    15   HIGHEST WIND DIRECTION     S (160)
  HIGHEST GUST SPEED    23   HIGHEST GUST DIRECTION     S (170)
  AVERAGE WIND SPEED     7.8


SKY COVER
  POSSIBLE SUNSHINE  MM
  AVERAGE SKY COVER 0.0


WEATHER CONDITIONS
 THE FOLLOWING WEATHER WAS RECORDED YESTERDAY.
  NO SIGNIFICANT WEATHER WAS OBSERVED.


RELATIVE HUMIDITY (PERCENT)
 HIGHEST    60           300 AM
 LOWEST      9           500 PM
 AVERAGE    35

..........................................................


THE SALT LAKE CITY UT CLIMATE NORMALS FOR TODAY
                         NORMAL    RECORD    YEAR
 MAXIMUM TEMPERATURE (F)   75        92      1958
 MINIMUM TEMPERATURE (F)   51        34      1975
                                             1929


SUNRISE AND SUNSET
MAY 26 2018...........SUNRISE   602 AM MDT   SUNSET   848 PM MDT
MAY 27 2018...........SUNRISE   601 AM MDT   SUNSET   849 PM MDT


-  INDICATES NEGATIVE NUMBERS.
R  INDICATES RECORD WAS SET OR TIED.
MM INDICATES DATA IS MISSING.
T  INDICATES TRACE AMOUNT.




$$
