911
CDUS46 KPQR 232320
CLISLE


CLIMATE REPORT
NATIONAL WEATHER SERVICE PORTLAND OREGON
420 PM PDT MON APR 23 2018


...................................

...THE SALEM OR CLIMATE SUMMARY FOR APRIL 23 2018...
VALID TODAY AS OF 0400 PM LOCAL TIME.

CLIMATE NORMAL PERIOD 1981 TO 2010
CLIMATE RECORD PERIOD 1892 TO 2018


WEATHER ITEM   OBSERVED TIME   RECORD YEAR NORMAL DEPARTURE LAST
                VALUE   (LST)  VALUE       VALUE  FROM      YEAR
                                                  NORMAL
..................................................................
TEMPERATURE (F)
 TODAY
  MAXIMUM         78    234 PM  84    1910  63     15       56
  MINIMUM         39    356 AM  30    1954  40     -1       47
                                      1900
  AVERAGE         59                        51      8       52

PRECIPITATION (IN)
  TODAY            0.00          0.74 1996   0.09  -0.09     0.41
  MONTH TO DATE    5.02                      2.28   2.74     3.02
  SINCE OCT 1     32.87                     33.18  -0.31    52.82
  SINCE JAN 1     17.77                     16.79   0.98    29.52

DEGREE DAYS
 HEATING
  TODAY            6                        14     -8       13
  MONTH TO DATE  317                       350    -33      330
  SINCE MAR 1    909                       913     -4      849
  SINCE JUL 1   3834                      4153   -319     4007

 COOLING
  TODAY            0                         0      0        0
  MONTH TO DATE    0                         0      0        0
  SINCE MAR 1      0                         0      0        0
  SINCE JAN 1      0                         0      0        0
..................................................................


WIND (MPH)
  HIGHEST WIND SPEED    16   HIGHEST WIND DIRECTION     N (20)
  HIGHEST GUST SPEED    21   HIGHEST GUST DIRECTION     N (10)
  AVERAGE WIND SPEED     7.1


SKY COVER
  POSSIBLE SUNSHINE  MM
  AVERAGE SKY COVER 0.0


WEATHER CONDITIONS
 THE FOLLOWING WEATHER WAS RECORDED TODAY.
  NO SIGNIFICANT WEATHER WAS OBSERVED.


RELATIVE HUMIDITY (PERCENT)
 HIGHEST    76           400 AM
 LOWEST     20           300 PM
 AVERAGE    48

..........................................................


THE SALEM OR CLIMATE NORMALS FOR TOMORROW
                         NORMAL    RECORD    YEAR
 MAXIMUM TEMPERATURE (F)   63        84      1910
 MINIMUM TEMPERATURE (F)   40        28      1986


SUNRISE AND SUNSET
APRIL 23 2018.........SUNRISE   614 AM PDT   SUNSET   808 PM PDT
APRIL 24 2018.........SUNRISE   612 AM PDT   SUNSET   809 PM PDT


-  INDICATES NEGATIVE NUMBERS.
R  INDICATES RECORD WAS SET OR TIED.
MM INDICATES DATA IS MISSING.
T  INDICATES TRACE AMOUNT.




$$
