831
CDUS46 KSGX 200031
CLISNA


CLIMATE REPORT
NATIONAL WEATHER SERVICE SAN DIEGO, CA
530 PM PDT THU APR 19 2018


...................................

...THE JOHN WAYNE AIRPORT CA CLIMATE SUMMARY FOR APRIL 19 2018...
VALID TODAY AS OF 0500 PM LOCAL TIME.

CLIMATE NORMAL PERIOD 1981 TO 2010
CLIMATE RECORD PERIOD 1999 TO 2018


WEATHER ITEM   OBSERVED TIME   RECORD YEAR NORMAL DEPARTURE LAST
                VALUE   (LST)  VALUE       VALUE  FROM      YEAR
                                                  NORMAL
..................................................................
TEMPERATURE (F)
 TODAY
  MAXIMUM         63    242 PM  94    2009  69     -6       71
  MINIMUM         52    757 AM  49    2007  54     -2       60
  AVERAGE         58                        62     -4       66

PRECIPITATION (IN)
  TODAY            0.05R         0.00 2006   0.03   0.02     0.00
  MONTH TO DATE    0.05                      0.54  -0.49     0.04
  SINCE OCT 1      2.71                     12.38  -9.67    15.80
  SINCE JAN 1      2.70                      8.30  -5.60     9.61

DEGREE DAYS
 HEATING
  TODAY            7                         4      3        0
  MONTH TO DATE   42                        85    -43       30
  SINCE MAR 1    188                       266    -78      114
  SINCE JUL 1    652                      1172   -520      855

 COOLING
  TODAY            0                         1     -1        1
  MONTH TO DATE   22                         1     21        9
  SINCE MAR 1     22                         8     14       17
  SINCE JAN 1     48                        16     32       17
..................................................................


WIND (MPH)
  RESULTANT WIND SPEED   5   RESULTANT WIND DIRECTION  SW (220)
  HIGHEST WIND SPEED    16   HIGHEST WIND DIRECTION    SW (220)
  HIGHEST GUST SPEED    22   HIGHEST GUST DIRECTION    SW (210)
  AVERAGE WIND SPEED     6.6


SKY COVER
  POSSIBLE SUNSHINE  MM
  AVERAGE SKY COVER 0.5


WEATHER CONDITIONS
 THE FOLLOWING WEATHER WAS RECORDED TODAY.
  LIGHT RAIN


RELATIVE HUMIDITY (PERCENT)
 HIGHEST    77           400 AM
 LOWEST     49           400 PM
 AVERAGE    63

..........................................................


THE JOHN WAYNE AIRPORT CA CLIMATE NORMALS FOR TOMORROW
                         NORMAL    RECORD    YEAR
 MAXIMUM TEMPERATURE (F)   69        98      2009
 MINIMUM TEMPERATURE (F)   54        50      2005


SUNRISE AND SUNSET
APRIL 19 2018.........SUNRISE   616 AM PDT   SUNSET   726 PM PDT
APRIL 20 2018.........SUNRISE   615 AM PDT   SUNSET   726 PM PDT


-  INDICATES NEGATIVE NUMBERS.
R  INDICATES RECORD WAS SET OR TIED.
MM INDICATES DATA IS MISSING.
T  INDICATES TRACE AMOUNT.




$$
