399
CDUS46 KMTR 240837
CLISNS


CLIMATE REPORT
NATIONAL WEATHER SERVICE SAN FRANCISCO BAY AREA
137 AM PDT THU MAY 24 2018


...................................

...THE SALINAS AIRPORT CLIMATE SUMMARY FOR MAY 23 2018...

CLIMATE NORMAL PERIOD 1981 TO 2010
CLIMATE RECORD PERIOD 1930 TO 2018


WEATHER ITEM   OBSERVED TIME   RECORD YEAR NORMAL DEPARTURE LAST
                VALUE   (LST)  VALUE       VALUE  FROM      YEAR
                                                  NORMAL
..................................................................
TEMPERATURE (F)
 YESTERDAY
  MAXIMUM         63    401 PM  89    1943  69     -6       72
  MINIMUM         53    509 AM  39    1980  51      2       53
  AVERAGE         58                        60     -2       63

PRECIPITATION (IN)
  YESTERDAY        T             0.29 1990   0.01  -0.01     0.00
  MONTH TO DATE    T                         0.29  -0.29      T
  SINCE OCT 1      7.13                     12.48  -5.35    16.36
  SINCE JAN 1      6.35                      8.57  -2.22    12.36

DEGREE DAYS
 HEATING
  YESTERDAY        7                         5      2        2
  MONTH TO DATE  124                       143    -19      113
  SINCE MAR 1    665                       718    -53      540
  SINCE JUL 1   2053                      2532   -479     2302

 COOLING
  YESTERDAY        0                         0      0        0
  MONTH TO DATE    0                         0      0       14
  SINCE MAR 1      6                         7     -1       18
  SINCE JAN 1      6                         7     -1       18
..................................................................


WIND (MPH)
  RESULTANT WIND SPEED   7   RESULTANT WIND DIRECTION   W (290)
  HIGHEST WIND SPEED    16   HIGHEST WIND DIRECTION     W (280)
  HIGHEST GUST SPEED    20   HIGHEST GUST DIRECTION     W (270)
  AVERAGE WIND SPEED     7.1


SKY COVER
  POSSIBLE SUNSHINE  MM
  AVERAGE SKY COVER 1.0


WEATHER CONDITIONS
 THE FOLLOWING WEATHER WAS RECORDED YESTERDAY.
  LIGHT RAIN
  FOG
  HAZE


RELATIVE HUMIDITY (PERCENT)
 HIGHEST    93           100 AM
 LOWEST     60           400 PM
 AVERAGE    77

..........................................................


THE SALINAS AIRPORT CLIMATE NORMALS FOR TODAY
                         NORMAL    RECORD    YEAR
 MAXIMUM TEMPERATURE (F)   69        81      2002
 MINIMUM TEMPERATURE (F)   51        39      1980


SUNRISE AND SUNSET
MAY 24 2018...........SUNRISE   553 AM PDT   SUNSET   814 PM PDT
MAY 25 2018...........SUNRISE   552 AM PDT   SUNSET   815 PM PDT


-  INDICATES NEGATIVE NUMBERS.
R  INDICATES RECORD WAS SET OR TIED.
MM INDICATES DATA IS MISSING.
T  INDICATES TRACE AMOUNT.




$$
