000
CDUS43 KEAX 190633
CLISTJ


CLIMATE REPORT
NATIONAL WEATHER SERVICE KANSAS CITY/PLEASANT HILL MO
133 AM CDT THU APR 19 2018


...................................

...THE ST. JOSEPH MO CLIMATE SUMMARY FOR APRIL 18 2018...

CLIMATE NORMAL PERIOD 1981 TO 2010
CLIMATE RECORD PERIOD 1892 TO 2018


WEATHER ITEM   OBSERVED TIME   RECORD YEAR NORMAL DEPARTURE LAST
                VALUE   (LST)  VALUE       VALUE  FROM      YEAR
                                                  NORMAL
..................................................................
TEMPERATURE (F)
 YESTERDAY
  MAXIMUM         51   1205 AM  90    1972  67    -16       78
  MINIMUM         38    956 PM  28    2014  43     -5       MM
  AVERAGE         45                        55    -10       MM

PRECIPITATION (IN)
  YESTERDAY        0.00          2.54 1920   0.13  -0.13     0.00
  MONTH TO DATE    0.23                      1.91  -1.68     2.49
  SINCE MAR 1      0.58                      4.16  -3.58     5.06
  SINCE JAN 1      2.04                      5.65  -3.61     6.08

DEGREE DAYS
 HEATING
  YESTERDAY       20                        11      9       MM
  MONTH TO DATE  452                       238    214      139
  SINCE MAR 1   1149                       923    226      706
  SINCE JUL 1   5020                      5231   -211     4003

 COOLING
  YESTERDAY        0                         1     -1       MM
  MONTH TO DATE    2                        11     -9        7
  SINCE MAR 1      2                        13    -11       11
  SINCE JAN 1      2                        13    -11       11
..................................................................


WIND (MPH)
  HIGHEST WIND SPEED    30   HIGHEST WIND DIRECTION    NW (300)
  HIGHEST GUST SPEED    38   HIGHEST GUST DIRECTION    NW (310)
  AVERAGE WIND SPEED    16.6


SKY COVER
  POSSIBLE SUNSHINE  MM
  AVERAGE SKY COVER 0.7


WEATHER CONDITIONS
 THE FOLLOWING WEATHER WAS RECORDED YESTERDAY.
  NO SIGNIFICANT WEATHER WAS OBSERVED.


RELATIVE HUMIDITY (PERCENT)
 HIGHEST    79          1100 AM
 LOWEST     54          1200 AM
 AVERAGE    67

..........................................................


THE ST. JOSEPH MO CLIMATE NORMALS FOR TODAY
                         NORMAL    RECORD    YEAR
 MAXIMUM TEMPERATURE (F)   67        91      1987
 MINIMUM TEMPERATURE (F)   44        20      1976


SUNRISE AND SUNSET
APRIL 19 2018.........SUNRISE   636 AM CDT   SUNSET   802 PM CDT
APRIL 20 2018.........SUNRISE   635 AM CDT   SUNSET   803 PM CDT


-  INDICATES NEGATIVE NUMBERS.
R  INDICATES RECORD WAS SET OR TIED.
MM INDICATES DATA IS MISSING.
T  INDICATES TRACE AMOUNT.




$$
