000
CDKA40 PTYA 210700
CLIT11
DAILY CLIMATE REPORT
NATIONAL WEATHER SERVICE YAP FM
5PM LST MON MAY 21 2018
THE YAP FM CLIMATE SUMMARY FOR MAY 21 2018
CLIMATE NORMAL PERIOD  1981  TO 2010
CLIMATE RECORD PERIOD  1951  TO 2017
WEATHER ITEM OBSERVED TIME  RECORD YEAR NORMAL DEPARTURE LAST
              VALUE   (LST) VALUE       VALUE    FROM    YEAR
                                                NORMAL
TEMPERATURE   (F)
TODAY
MAXIMUM       88  1445        97  2014     89     -1        88
MINIMUM       77  0845        63  1999     79     -2        80
AVERAGE       83                           84     -1        84
PRECIPITATION INCHES
TODAY           1.06       164.24/1996    0.29     0.77    0.00
MONTH TO DATE   3.96                      5.49    -1.53    4.46
SINCE 01 MAR   36.82                     16.55     20.27   20.00
SINCE JAN 01   40.86                     29.84     11.02   51.76
