000
CDUS42 KTAE 240634
CLITLH


CLIMATE REPORT
NATIONAL WEATHER SERVICE TALLAHASSEE FL
233 AM EDT TUE APR 24 2018


...................................

...THE TALLAHASSEE CLIMATE SUMMARY FOR APRIL 23 2018...

CLIMATE NORMAL PERIOD 1981 TO 2010
CLIMATE RECORD PERIOD 1896 TO 2018


WEATHER ITEM   OBSERVED TIME   RECORD YEAR NORMAL DEPARTURE LAST
                VALUE   (LST)  VALUE       VALUE  FROM      YEAR
                                                  NORMAL
..................................................................
TEMPERATURE (F)
 YESTERDAY
  MAXIMUM         84    248 PM  91    1999  82      2       84
                                      1968
                                      1967
  MINIMUM         60   1159 PM  31    1993  54      6       57
  AVERAGE         72                        68      4       71

PRECIPITATION (IN)
  YESTERDAY        0.09          2.23 1977   0.09   0.00     0.03
  MONTH TO DATE    3.72                      2.49   1.23     3.17
  SINCE MAR 1     10.57                      8.43   2.14     4.36
  SINCE JAN 1     16.50                     17.62  -1.12    14.29

SNOWFALL (IN)
  YESTERDAY        0.0                       0.0    0.0

DEGREE DAYS
 HEATING
  YESTERDAY        0                               -1
  MONTH TO DATE   40                              -20
  SINCE MAR 1    252                               11
  SINCE JUL 1   1331                             -253

 COOLING
  YESTERDAY        7                                3
  MONTH TO DATE   61                               -4
  SINCE MAR 1    100                               -5
  SINCE JAN 1    182                               63
..................................................................


WIND (MPH)
  HIGHEST WIND SPEED    23   HIGHEST WIND DIRECTION     W (260)
  HIGHEST GUST SPEED    29   HIGHEST GUST DIRECTION     W (250)
  AVERAGE WIND SPEED     9.3




RELATIVE HUMIDITY (PERCENT)
 HIGHEST   100
 LOWEST     39
 AVERAGE    70

..........................................................


THE TALLAHASSEE CLIMATE NORMALS FOR TODAY
                         NORMAL    RECORD    YEAR
 MAXIMUM TEMPERATURE (F)   82        95      1999
 MINIMUM TEMPERATURE (F)   54        33      1986


SUNRISE AND SUNSET
APRIL 24 2018.........SUNRISE   701 AM EDT   SUNSET   811 PM EDT
APRIL 25 2018.........SUNRISE   700 AM EDT   SUNSET   812 PM EDT


-  INDICATES NEGATIVE NUMBERS.
R  INDICATES RECORD WAS SET OR TIED.
MM INDICATES DATA IS MISSING.
T  INDICATES TRACE AMOUNT.




$$
