000
CDUS44 KMRX 230855
CLITRI


CLIMATE REPORT
NATIONAL WEATHER SERVICE MORRISTOWN TN
454 AM EDT WED MAY 23 2018


...................................

...THE TRI-CITIES      ASOS CLIMATE SUMMARY FOR MAY 22 2018...

CLIMATE NORMAL PERIOD 1981 TO 2010
CLIMATE RECORD PERIOD 1937 TO 2018


WEATHER ITEM   OBSERVED TIME   RECORD YEAR NORMAL DEPARTURE LAST
                VALUE   (LST)  VALUE       VALUE  FROM      YEAR
                                                  NORMAL
..................................................................
TEMPERATURE (F)
 YESTERDAY
  MAXIMUM         83    410 PM  94    1941  77      6       77
  MINIMUM         61    532 AM  31    2002  53      8       60
  AVERAGE         72                        65      7       69

PRECIPITATION (IN)
  YESTERDAY        T             1.14 1972   0.13  -0.13      T
  MONTH TO DATE    4.52                      2.67   1.85     4.32
  SINCE MAR 1     11.90                      9.44   2.46    14.05
  SINCE JAN 1     20.63                     16.26   4.37    18.73

SNOWFALL (IN)
  YESTERDAY        0.0                       0.0    0.0      0.0
  MONTH TO DATE    0.0                       0.0    0.0      0.0
  SINCE MAR 1      2.4                       2.5   -0.1      0.3
  SINCE JUL 1      7.1                      13.3   -6.2      4.3
  SNOW DEPTH       0

DEGREE DAYS
 HEATING
  YESTERDAY        0                         3     -3        0
  MONTH TO DATE   17                        93    -76       67
  SINCE MAR 1    994                       965     29      732
  SINCE JUL 1   4048                      4347   -299     3299

 COOLING
  YESTERDAY        7                         3      4        4
  MONTH TO DATE   92                        34     58       64
  SINCE MAR 1     95                        45     50       96
  SINCE JAN 1    104                        45     59       96
..................................................................


WIND (MPH)
  HIGHEST WIND SPEED    12   HIGHEST WIND DIRECTION     S (160)
  HIGHEST GUST SPEED    18   HIGHEST GUST DIRECTION    SW (240)
  AVERAGE WIND SPEED     2.6


SKY COVER
  POSSIBLE SUNSHINE  MM
  AVERAGE SKY COVER 0.7


WEATHER CONDITIONS
 THE FOLLOWING WEATHER WAS RECORDED YESTERDAY.
  THUNDERSTORM
  LIGHT RAIN
  FOG
  FOG W/VISIBILITY <= 1/4 MILE


RELATIVE HUMIDITY (PERCENT)
 HIGHEST   100          1200 AM
 LOWEST     54           200 PM
 AVERAGE    77

..........................................................


THE TRI-CITIES      ASOS CLIMATE NORMALS FOR TODAY
                         NORMAL    RECORD    YEAR
 MAXIMUM TEMPERATURE (F)   78        91      1953
 MINIMUM TEMPERATURE (F)   53        37      2002


SUNRISE AND SUNSET
MAY 23 2018...........SUNRISE   617 AM EDT   SUNSET   836 PM EDT
MAY 24 2018...........SUNRISE   617 AM EDT   SUNSET   837 PM EDT


-  INDICATES NEGATIVE NUMBERS.
R  INDICATES RECORD WAS SET OR TIED.
MM INDICATES DATA IS MISSING.
T  INDICATES TRACE AMOUNT.




$$
