669
CDUS44 KSHV 240734
CLITYR


CLIMATE REPORT
NATIONAL WEATHER SERVICE SHREVEPORT, LA
234 AM CDT MON APR 24 2017


...................................

...THE TYLER CLIMATE SUMMARY FOR APRIL 23 2017...

CLIMATE NORMAL PERIOD 1981 TO 2010
CLIMATE RECORD PERIOD 1896 TO 2017


WEATHER ITEM   OBSERVED TIME   RECORD YEAR NORMAL DEPARTURE LAST
                VALUE   (LST)  VALUE       VALUE  FROM      YEAR
                                                  NORMAL
..................................................................
TEMPERATURE (F)
 YESTERDAY
  MAXIMUM         72    447 PM  92    1925  77     -5       82
  MINIMUM         45    606 AM  36    1982  57    -12       55
  AVERAGE         59                        67     -8       69

PRECIPITATION (IN)
  YESTERDAY        0.00          3.37 1966   0.12  -0.12     0.00
  MONTH TO DATE    1.76                      2.28  -0.52     5.27
  SINCE DEC 1     14.45                     17.51  -3.06    27.28
  SINCE JAN 1     11.80                     13.27  -1.47    17.51

SNOWFALL (IN)
  YESTERDAY        0.0
  MONTH TO DATE    0.0
  SINCE MAR 1      0.0
  SINCE JUL 1      T
  SNOW DEPTH       0

DEGREE DAYS
 HEATING
  YESTERDAY        6                         2      4        0
  MONTH TO DATE   26                        90    -64       31
  SINCE MAR 1    155                       363   -208      146
  SINCE JUL 1   1238                      2255  -1017     1455

 COOLING
  YESTERDAY        0                         3     -3        4
  MONTH TO DATE  113                        50     63       60
  SINCE MAR 1    221                        71    150      107
  SINCE JAN 1    295                        83    212      117
..................................................................


WIND (MPH)
  HIGHEST WIND SPEED    18   HIGHEST WIND DIRECTION     N (10)
  HIGHEST GUST SPEED    26   HIGHEST GUST DIRECTION     N (10)
  AVERAGE WIND SPEED     7.3


SKY COVER
  POSSIBLE SUNSHINE  MM
  AVERAGE SKY COVER 0.0


WEATHER CONDITIONS
 THE FOLLOWING WEATHER WAS RECORDED YESTERDAY.
  NO SIGNIFICANT WEATHER WAS OBSERVED.


RELATIVE HUMIDITY (PERCENT)
 HIGHEST   100           500 AM
 LOWEST     34           300 PM
 AVERAGE    67

..........................................................


THE TYLER CLIMATE NORMALS FOR TODAY
                         NORMAL    RECORD    YEAR
 MAXIMUM TEMPERATURE (F)   77        91      2011
                                             1925
 MINIMUM TEMPERATURE (F)   57        40      2013
                                             2005


SUNRISE AND SUNSET
APRIL 24 2017.........SUNRISE   642 AM CDT   SUNSET   758 PM CDT
APRIL 25 2017.........SUNRISE   641 AM CDT   SUNSET   759 PM CDT


-  INDICATES NEGATIVE NUMBERS.
R  INDICATES RECORD WAS SET OR TIED.
MM INDICATES DATA IS MISSING.
T  INDICATES TRACE AMOUNT.




$$
