000
CDUS44 KSHV 222143
CLITYR


CLIMATE REPORT
NATIONAL WEATHER SERVICE SHREVEPORT, LA
443 PM CDT SUN APR 22 2018


...................................

...THE TYLER CLIMATE SUMMARY FOR APRIL 22 2018...
VALID TODAY AS OF 0400 PM LOCAL TIME.

CLIMATE NORMAL PERIOD 1981 TO 2010
CLIMATE RECORD PERIOD 1896 TO 2018


WEATHER ITEM   OBSERVED TIME   RECORD YEAR NORMAL DEPARTURE LAST
                VALUE   (LST)  VALUE       VALUE  FROM      YEAR
                                                  NORMAL
..................................................................
TEMPERATURE (F)
 TODAY
  MAXIMUM         67    320 PM  94    2011  76     -9       73
  MINIMUM         53    800 AM  37    1931  56     -3       48
  AVERAGE         60                        66     -6       61

PRECIPITATION (IN)
  TODAY            T             2.59 1907   0.12  -0.12     0.78
  MONTH TO DATE    1.89                      2.16  -0.27     1.76
  SINCE DEC 1     20.93                     17.39   3.54    14.45
  SINCE JAN 1     15.64                     13.15   2.49    11.80

SNOWFALL (IN)
  TODAY            0.0
  MONTH TO DATE    0.0
  SINCE MAR 1      0.0
  SINCE JUL 1      1.5
  SNOW DEPTH       0

DEGREE DAYS
 HEATING
  TODAY            5                         2      3        4
  MONTH TO DATE  113                        88     25       20
  SINCE MAR 1    255                       361   -106      149
  SINCE JUL 1   2057                      2253   -196     1232

 COOLING
  TODAY            0                         3     -3        0
  MONTH TO DATE   31                        47    -16      113
  SINCE MAR 1     96                        68     28      221
  SINCE JAN 1    123                        80     43      295
..................................................................


WIND (MPH)
  HIGHEST WIND SPEED    22   HIGHEST WIND DIRECTION    NW (300)
  HIGHEST GUST SPEED    28   HIGHEST GUST DIRECTION    NW (300)
  AVERAGE WIND SPEED    12.8


SKY COVER
  POSSIBLE SUNSHINE  MM
  AVERAGE SKY COVER 0.9


WEATHER CONDITIONS
 THE FOLLOWING WEATHER WAS RECORDED TODAY.
  LIGHT RAIN
  FOG


RELATIVE HUMIDITY (PERCENT)
 HIGHEST   100          1200 AM
 LOWEST     48           300 PM
 AVERAGE    74

..........................................................


THE TYLER CLIMATE NORMALS FOR TOMORROW
                         NORMAL    RECORD    YEAR
 MAXIMUM TEMPERATURE (F)   77        92      1925
 MINIMUM TEMPERATURE (F)   57        36      1982


SUNRISE AND SUNSET
APRIL 22 2018.........SUNRISE   644 AM CDT   SUNSET   756 PM CDT
APRIL 23 2018.........SUNRISE   643 AM CDT   SUNSET   757 PM CDT


-  INDICATES NEGATIVE NUMBERS.
R  INDICATES RECORD WAS SET OR TIED.
MM INDICATES DATA IS MISSING.
T  INDICATES TRACE AMOUNT.




$$
