000
CDUS43 KLSX 232229
CLIUIN


CLIMATE REPORT
NATIONAL WEATHER SERVICE ST LOUIS MO
528 PM CDT MON APR 23 2018


...................................

...THE QUINCY IL CLIMATE SUMMARY FOR APRIL 23 2018...
VALID TODAY AS OF 0500 PM LOCAL TIME.

CLIMATE NORMAL PERIOD 1981 TO 2010
CLIMATE RECORD PERIOD 1901 TO 2018


WEATHER ITEM   OBSERVED TIME   RECORD YEAR NORMAL DEPARTURE LAST
                VALUE   (LST)  VALUE       VALUE  FROM      YEAR
                                                  NORMAL
..................................................................
TEMPERATURE (F)
 TODAY
  MAXIMUM         72    252 PM  86    1948  66      6       72
                                      1937
  MINIMUM         48    556 AM  25    1956  46      2       36
  AVERAGE         60                        56      4       54

PRECIPITATION (IN)
  TODAY            0.00          1.80 1975   0.13  -0.13     0.00
  MONTH TO DATE    0.63                      2.76  -2.13     2.00
  SINCE MAR 1      4.01                      5.22  -1.21     5.18
  SINCE JAN 1      8.13                      8.62  -0.49     7.23

DEGREE DAYS
 HEATING
  TODAY            5                        10     -5
  MONTH TO DATE  511                       309    202
  SINCE MAR 1   1286                      1027    259
  SINCE JUL 1   5453                      5369     84

 COOLING
  TODAY            0                         1     -1
  MONTH TO DATE    6                        10     -4
  SINCE MAR 1      6                        12     -6
  SINCE JAN 1      6                        12     -6
..................................................................


WIND (MPH)
  HIGHEST WIND SPEED    22   HIGHEST WIND DIRECTION     N (20)
  HIGHEST GUST SPEED    31   HIGHEST GUST DIRECTION     N (10)
  AVERAGE WIND SPEED    14.4


SKY COVER
  AVERAGE SKY COVER 0.8



RELATIVE HUMIDITY (PERCENT)
 HIGHEST    56           500 AM
 LOWEST     28           100 PM
 AVERAGE    42

..........................................................


THE QUINCY IL CLIMATE NORMALS FOR TOMORROW
                         NORMAL    RECORD    YEAR
 MAXIMUM TEMPERATURE (F)   66        89      1989
 MINIMUM TEMPERATURE (F)   46        22      1910


SUNRISE AND SUNSET
APRIL 23 2018.........SUNRISE   615 AM CDT   SUNSET   751 PM CDT
APRIL 24 2018.........SUNRISE   614 AM CDT   SUNSET   752 PM CDT


-  INDICATES NEGATIVE NUMBERS.
R  INDICATES RECORD WAS SET OR TIED.
MM INDICATES DATA IS MISSING.
T  INDICATES TRACE AMOUNT.




$$
