883
CDUS46 KEKA 201217
CLIUKI


CLIMATE REPORT
NATIONAL WEATHER SERVICE EUREKA CA
517 AM PDT FRI APR 20 2018


...................................

...THE UKIAH CA CLIMATE SUMMARY FOR APRIL 19 2018...

CLIMATE NORMAL PERIOD 1981 TO 2010
CLIMATE RECORD PERIOD 1903 TO 2018


WEATHER ITEM   OBSERVED TIME   RECORD YEAR NORMAL DEPARTURE LAST
                VALUE   (LST)  VALUE       VALUE  FROM      YEAR
                                                  NORMAL
..................................................................
TEMPERATURE (F)
 YESTERDAY
  MAXIMUM         68    342 PM  94    1950  69     -1       65
  MINIMUM         35    537 AM  31    1961  43     -8       41
  AVERAGE         52                        56     -4       53

PRECIPITATION (IN)
  YESTERDAY        0.00          1.04 1988   0.09  -0.09     0.43
  MONTH TO DATE    4.86                      1.69   3.17     3.65
  SINCE OCT 1     23.53                     34.14 -10.61    51.48
  SINCE JAN 1     17.95                     20.76  -2.81    34.37

SNOWFALL (IN)
  YESTERDAY        0.0          MM      MM  MM     MM        0.0
  MONTH TO DATE    0.0                      MM     MM        0.0
  SINCE MAR 1      0.0                      MM     MM        0.0
  SINCE JUL 1      0.0                      MM     MM        0.0
  SNOW DEPTH       0

DEGREE DAYS
 HEATING
  YESTERDAY       13                         9      4       12
  MONTH TO DATE  194                       211    -17      205
  SINCE MAR 1    625                       625      0      532
  SINCE JUL 1   2661                      2858   -197     2699

 COOLING
  YESTERDAY        0                         0      0        0
  MONTH TO DATE    0                         0      0        0
  SINCE MAR 1      1                         0      1        0
  SINCE JAN 1      1                         0      1        0
..................................................................


WIND (MPH)
  HIGHEST WIND SPEED    15   HIGHEST WIND DIRECTION    NW (310)
  HIGHEST GUST SPEED    22   HIGHEST GUST DIRECTION     W (270)
  AVERAGE WIND SPEED     3.3


SKY COVER
  AVERAGE SKY COVER 0.0


WEATHER CONDITIONS
 THE FOLLOWING WEATHER WAS RECORDED YESTERDAY.
  NO SIGNIFICANT WEATHER WAS OBSERVED.


RELATIVE HUMIDITY (PERCENT)
 HIGHEST    86
 LOWEST     32
 AVERAGE    59

..........................................................


THE UKIAH CA CLIMATE NORMALS FOR TODAY
                         NORMAL    RECORD    YEAR
 MAXIMUM TEMPERATURE (F)   70        97      1931
 MINIMUM TEMPERATURE (F)   43        31      2008
                                             1917


SUNRISE AND SUNSET
APRIL 20 2018.........SUNRISE   629 AM PDT   SUNSET   755 PM PDT
APRIL 21 2018.........SUNRISE   627 AM PDT   SUNSET   756 PM PDT


-  INDICATES NEGATIVE NUMBERS.
R  INDICATES RECORD WAS SET OR TIED.
MM INDICATES DATA IS MISSING.
T  INDICATES TRACE AMOUNT.




$$
