387
CDUS43 KUNR 230852
CLIUNR


CLIMATE REPORT
NATIONAL WEATHER SERVICE RAPID CITY SD
248 AM MDT WED MAY 23 2018


...................................

...THE EAST RAPID CITY SD CLIMATE SUMMARY FOR MAY 22 2018...

CLIMATE NORMAL PERIOD 1981 TO 2010
CLIMATE RECORD PERIOD 1888 TO 2018


WEATHER ITEM   OBSERVED RECORD YEAR NORMAL DEPARTURE LAST
                VALUE   VALUE       VALUE  FROM      YEAR
                                           NORMAL
...........................................................
TEMPERATURE (F)
 YESTERDAY
  MAXIMUM         79     89    2006  68     11       59
  MINIMUM         53     30    1963  47      6       46
  AVERAGE         66                 58      8       53

PRECIPITATION (IN)
  YESTERDAY        0.31   3.03 2008   0.16   0.15     0.03
  MONTH TO DATE    3.39               2.84   0.55     1.28
  SINCE MAR 1      6.65               5.93   0.72     3.71
  SINCE JAN 1      7.84               6.70   1.14     4.50

SNOWFALL (IN)
  YESTERDAY        0.0    0.0  2002   0.0    0.0      0.0
                               2001
                               2000
  MONTH TO DATE    0.0                1.9   -1.9      0.0
  SINCE MAR 1     34.3               22.5   11.8      6.0
  SINCE JUL 1     66.4               49.2   17.2     39.2
  SNOW DEPTH       0

DEGREE DAYS
 HEATING
  YESTERDAY        0                  8     -8       12
  MONTH TO DATE  183                245    -62      213
  SINCE MAR 1   1890               1757    133     1526
  SINCE JUL 1   6992               6711    281     6122

 COOLING
  YESTERDAY        1                  1      0        0
  MONTH TO DATE   15                  6      9       13
  SINCE MAR 1     15                  7      8       13
  SINCE JAN 1     15                  7      8       13
...........................................................


WIND (MPH)
  HIGHEST GUST SPEED    39   HIGHEST GUST DIRECTION     S (180)



WEATHER CONDITIONS
 THE FOLLOWING WEATHER WAS RECORDED YESTERDAY.
  THUNDERSTORM
  RAIN
  LIGHT RAIN


..........................................................


THE EAST RAPID CITY SD CLIMATE NORMALS FOR TODAY
                         NORMAL    RECORD    YEAR
 MAXIMUM TEMPERATURE (F)   69        88      1931
 MINIMUM TEMPERATURE (F)   47        31      2002


SUNRISE AND SUNSET
MAY 23 2018...........SUNRISE   519 AM MDT   SUNSET   821 PM MDT
MAY 24 2018...........SUNRISE   518 AM MDT   SUNSET   822 PM MDT


-  INDICATES NEGATIVE NUMBERS.
R  INDICATES RECORD WAS SET OR TIED.
MM INDICATES DATA IS MISSING.
T  INDICATES TRACE AMOUNT.




$$
