000
CDUS42 KTAE 260634
CLIVLD


CLIMATE REPORT
NATIONAL WEATHER SERVICE TALLAHASSEE FL
231 AM EDT THU APR 26 2018


...................................

...THE VALDOSTA CLIMATE SUMMARY FOR APRIL 25 2018...

CLIMATE NORMAL PERIOD 1981 TO 2010
CLIMATE RECORD PERIOD 1948 TO 2018


WEATHER ITEM   OBSERVED TIME   NORMAL DEPARTURE LAST
                VALUE   (LST)  VALUE  FROM      YEAR
                                      NORMAL
......................................................
TEMPERATURE (F)
 YESTERDAY
  MAXIMUM         80    336 PM  82     -2       82
  MINIMUM         53    538 AM  55     -2       50
  AVERAGE         67            68     -1       66

PRECIPITATION (IN)
  YESTERDAY        0.00          0.07  -0.07     0.00
  MONTH TO DATE    5.24          2.55   2.69     1.94
  SINCE MAR 1      7.06          7.42  -0.36     3.14
  SINCE JAN 1     12.93         16.15  -3.22    13.45

SNOWFALL (IN)
  YESTERDAY        0.0
  MONTH TO DATE    0.0
  SINCE MAR 1      0.0
  SINCE JUL 1      0.6

DEGREE DAYS
 HEATING
  YESTERDAY        0             1     -1        0
  MONTH TO DATE   61            63     -2       30
  SINCE MAR 1    333           249     84      204
  SINCE JUL 1   1580          1629    -49      990

 COOLING
  YESTERDAY        2             4     -2        1
  MONTH TO DATE   42            69    -27      101
  SINCE MAR 1     76           102    -26      158
  SINCE JAN 1    159           112     47      204
......................................................


WIND (MPH)
  HIGHEST WIND SPEED     9   HIGHEST WIND DIRECTION    NW (320)
  HIGHEST GUST SPEED    16   HIGHEST GUST DIRECTION    NW (310)
  AVERAGE WIND SPEED     2.4




RELATIVE HUMIDITY (PERCENT)
 HIGHEST    93
 LOWEST     45
 AVERAGE    69

..........................................................




SUNRISE AND SUNSET
APRIL 26 2018.........SUNRISE   654 AM EDT   SUNSET   808 PM EDT
APRIL 27 2018.........SUNRISE   653 AM EDT   SUNSET   809 PM EDT


-  INDICATES NEGATIVE NUMBERS.
R  INDICATES RECORD WAS SET OR TIED.
MM INDICATES DATA IS MISSING.
T  INDICATES TRACE AMOUNT.




$$
