000
CDUS42 KFFC 230827
CLIVPC


CLIMATE REPORT
NATIONAL WEATHER SERVICE PEACHTREE CITY GA
427 AM EDT WED MAY 23 2018


...................................

...THE CARTERSVILLE CLIMATE SUMMARY FOR MAY 22 2018...

CLIMATE NORMAL PERIOD 1981 TO 2010
CLIMATE RECORD PERIOD 9999 TO 9999


WEATHER ITEM   OBSERVED TIME   RECORD YEAR NORMAL DEPARTURE LAST
                VALUE   (LST)  VALUE       VALUE  FROM      YEAR
                                                  NORMAL
..................................................................
TEMPERATURE (F)
 YESTERDAY
  MAXIMUM         84    221 PM  MM      MM  81      3       80
  MINIMUM         67   1238 AM  MM      MM  57     10       65
  AVERAGE         76                        69      7       73

PRECIPITATION (IN)
  YESTERDAY        0.29         MM      MM   0.11   0.18     0.73
  MONTH TO DATE    0.55                      2.88  -2.33     5.49
  SINCE MAR 1     10.40                     11.51  -1.11    13.50
  SINCE JAN 1     20.42                     21.01  -0.59    22.04

DEGREE DAYS
 COOLING
  YESTERDAY       11                         5      6        8
  MONTH TO DATE  149                        71     78       99
  SINCE MAR 1    155                        96     59      198
  SINCE JAN 1    175                        96     79      198
..................................................................


WIND (MPH)
  RESULTANT WIND SPEED   2   RESULTANT WIND DIRECTION  SE (120)
  HIGHEST WIND SPEED    12   HIGHEST WIND DIRECTION     S (180)
  HIGHEST GUST SPEED    17   HIGHEST GUST DIRECTION     S (180)
  AVERAGE WIND SPEED     3.4


SKY COVER
  AVERAGE SKY COVER 0.7


WEATHER CONDITIONS
 THE FOLLOWING WEATHER WAS RECORDED YESTERDAY.
  THUNDERSTORM
  RAIN
  LIGHT RAIN
  FOG


RELATIVE HUMIDITY (PERCENT)
 HIGHEST   100           700 PM
 LOWEST     74           300 PM
 AVERAGE    87

..........................................................


THE CARTERSVILLE CLIMATE NORMALS FOR TODAY
                         NORMAL    RECORD    YEAR
 MAXIMUM TEMPERATURE (F)   82        MM        MM
 MINIMUM TEMPERATURE (F)   57        MM        MM


SUNRISE AND SUNSET
MAY 23 2018...........SUNRISE   633 AM EDT   SUNSET   840 PM EDT
MAY 24 2018...........SUNRISE   632 AM EDT   SUNSET   841 PM EDT


-  INDICATES NEGATIVE NUMBERS.
R  INDICATES RECORD WAS SET OR TIED.
MM INDICATES DATA IS MISSING.
T  INDICATES TRACE AMOUNT.




$$
