000
CDUS41 KAKQ 220542
CLIWAL


CLIMATE REPORT
NATIONAL WEATHER SERVICE WAKEFIELD, VA
141 AM EDT SUN APR 22 2018


...................................

...THE WALLOPS ISLAND VA CLIMATE SUMMARY FOR APRIL 21 2018...

CLIMATE NORMAL PERIOD 1981 TO 2010
CLIMATE RECORD PERIOD 1963 TO 2018


WEATHER ITEM   OBSERVED TIME   RECORD YEAR NORMAL DEPARTURE
                VALUE   (LST)  VALUE       VALUE  FROM
                                                  NORMAL
...............................................................
TEMPERATURE (F)
 YESTERDAY
  MAXIMUM         56   1143 AM  82    2017  65     -9
  MINIMUM         38    558 AM  35    1983  47     -9
  AVERAGE         47                        56     -9

PRECIPITATION (IN)
  YESTERDAY        0.00          1.12        0.09  -0.09
  MONTH TO DATE    1.85                      2.26  -0.41
  SINCE MAR 1      5.37                      6.26  -0.89
  SINCE JAN 1     10.89                     12.06  -1.17

SNOWFALL (IN)
  YESTERDAY        0.0           0.0    MM   0.0    0.0
  MONTH TO DATE    T                         0.1   -0.1
  SINCE NOV 1     11.8                       7.9    3.9
  SINCE JUL 1     11.8                       7.9    3.9

DEGREE DAYS
 HEATING
  YESTERDAY       18                                8
  MONTH TO DATE  276                               10
  SINCE MAR 1    947                               62
  SINCE JUL 1   3774                             -191

 COOLING
  YESTERDAY        0                                0
  MONTH TO DATE    3                                3
  SINCE MAR 1      3                                2
  SINCE JAN 1      4                                3
...............................................................


WIND (MPH)
  HIGHEST WIND SPEED    17   HIGHEST WIND DIRECTION     S (170)
  HIGHEST GUST SPEED    22   HIGHEST GUST DIRECTION     N (20)
  AVERAGE WIND SPEED     7.7




RELATIVE HUMIDITY (PERCENT)
 HIGHEST    92
 LOWEST     46
 AVERAGE    69

..........................................................


THE WALLOPS ISLAND VA CLIMATE NORMALS FOR TODAY
                         NORMAL    RECORD    YEAR
 MAXIMUM TEMPERATURE (F)   65        90      1985
 MINIMUM TEMPERATURE (F)   47        36      1994


SUNRISE AND SUNSET
APRIL 22 2018.........SUNRISE   617 AM EDT   SUNSET   744 PM EDT
APRIL 23 2018.........SUNRISE   616 AM EDT   SUNSET   745 PM EDT


-  INDICATES NEGATIVE NUMBERS.
R  INDICATES RECORD WAS SET OR TIED.
MM INDICATES DATA IS MISSING.
T  INDICATES TRACE AMOUNT.




$$
