000
CDUS41 KCLE 260528
CLIYNG


CLIMATE REPORT
NATIONAL WEATHER SERVICE CLEVELAND OH
128 AM EDT THU APR 26 2018


...................................

...THE YOUNGSTOWN OH CLIMATE SUMMARY FOR APRIL 25 2018...

CLIMATE NORMAL PERIOD 1981 TO 2010
CLIMATE RECORD PERIOD 1897 TO 2018


WEATHER ITEM   OBSERVED TIME   RECORD YEAR NORMAL DEPARTURE LAST
                VALUE   (LST)  VALUE       VALUE  FROM      YEAR
                                                  NORMAL
..................................................................
TEMPERATURE (F)
 YESTERDAY
  MAXIMUM         56   1154 AM  86    2009  63     -7       68
                                      1990
  MINIMUM         39   1159 PM  25    1956  41     -2       51
  AVERAGE         48                        52     -4       60

PRECIPITATION (IN)
  YESTERDAY        0.01                      0.11  -0.10     0.05
  MONTH TO DATE    4.27                      2.83   1.44     2.20
  SINCE MAR 1      8.72                      5.77   2.95     7.24
  SINCE JAN 1     16.93                     10.47   6.46    15.12

SNOWFALL (IN)
  YESTERDAY        0.0                       0.0    0.0      0.0
  MONTH TO DATE    7.6                       2.9    4.7      2.0
  SINCE MAR 1     23.2                      13.8    9.4     22.1
  SINCE JUL 1     81.3                      62.6   18.7     69.5
  SNOW DEPTH       0

DEGREE DAYS
 HEATING
  YESTERDAY       17                        13      4        5
  MONTH TO DATE  544                       439    105      289
  SINCE MAR 1   1520                      1315    205     1159
  SINCE JUL 1   5835                      5963   -128     4943

 COOLING
  YESTERDAY        0                         0      0        0
  MONTH TO DATE    2                         0      2       14
  SINCE MAR 1      2                         1      1       14
  SINCE JAN 1      4                         1      3       14
..................................................................


WIND (MPH)
  HIGHEST WIND SPEED    20   HIGHEST WIND DIRECTION    NW (320)
  HIGHEST GUST SPEED    26   HIGHEST GUST DIRECTION    NW (330)
  AVERAGE WIND SPEED     9.3


SKY COVER
  POSSIBLE SUNSHINE  MM
  AVERAGE SKY COVER 1.0


WEATHER CONDITIONS
 THE FOLLOWING WEATHER WAS RECORDED YESTERDAY.
  LIGHT RAIN
  FOG


RELATIVE HUMIDITY (PERCENT)
 HIGHEST    93          1200 AM
 LOWEST     83           700 PM
 AVERAGE    88

..........................................................


THE YOUNGSTOWN OH CLIMATE NORMALS FOR TODAY
                         NORMAL    RECORD    YEAR
 MAXIMUM TEMPERATURE (F)   63        86      2009
                                             1990
                                             1948
 MINIMUM TEMPERATURE (F)   41        25      1972


SUNRISE AND SUNSET
APRIL 26 2018.........SUNRISE   627 AM EDT   SUNSET   815 PM EDT
APRIL 27 2018.........SUNRISE   626 AM EDT   SUNSET   816 PM EDT


-  INDICATES NEGATIVE NUMBERS.
R  INDICATES RECORD WAS SET OR TIED.
MM INDICATES DATA IS MISSING.
T  INDICATES TRACE AMOUNT.




$$
