000
CXUS52 KJAX 012109
CLMAMG

CLIMATE REPORT
NATIONAL WEATHER SERVICE JACKSONVILLE FL
1007 AM EDT SUN APR 1 2018

...................................

...THE ALMA CLIMATE SUMMARY FOR THE MONTH OF MARCH 2018...

CLIMATE NORMAL PERIOD 1981 TO 2010
CLIMATE RECORD PERIOD 1948 TO 2018

WEATHER         OBSERVED          NORMAL  DEPART  LAST YEAR`S
                 VALUE   DATE(S)  VALUE   FROM    VALUE  DATE(S)
                                          NORMAL
................................................................
TEMPERATURE (F)
RECORD
 HIGH              91   03/18/1963
 LOW               18   03/03/1980
HIGHEST            85   03/18        73      12       88  03/30
LOWEST             29   03/15        49     -20       27  03/16
                        03/09
AVG. MAXIMUM     71.2              72.2    -1.0     73.8
AVG. MINIMUM     44.6              48.1    -3.5     47.0
MEAN             57.9              60.2    -2.3     60.4
DAYS MAX >= 90      0               0.0     0.0        0
DAYS MAX <= 32      0               0.0     0.0        0
DAYS MIN <= 32      3               1.3     1.7        3
DAYS MIN <= 0       0               0.0     0.0        0

PRECIPITATION (INCHES)
RECORD
 MAXIMUM        12.94   1980
 MINIMUM         0.10   2004
TOTALS           2.03              4.75   -2.72     0.54
DAILY AVG.       0.07              0.15   -0.08     0.02
DAYS >= .01         7               8.1    -1.1        5
DAYS >= .10         4               5.7    -1.7        3
DAYS >= .50         2               3.0    -1.0        0
DAYS >= 1.00        0               1.6    -1.6        0
GREATEST
 24 HR. TOTAL    0.92

SNOWFALL (INCHES)
RECORDS
 TOTAL             MM   MM
TOTALS            0.0               0.0     0.0      0.0
SINCE 7/1         3.0               0.1     2.9      0.0
SNOWDEPTH AVG.      0                MM      MM        0
DAYS >= 1.0         0               0.0     0.0        0
GREATEST
 SNOW DEPTH         0   MM                             0  MM
 24 HR TOTAL      0.0

DEGREE_DAYS
HEATING TOTAL     245               188      57      197
 SINCE 7/1       1491              1589     -98     1053
COOLING TOTAL      34                38      -4       63
 SINCE 1/1        126                54      72      118
.................................................................

WIND (MPH)
AVERAGE WIND SPEED              6.5
HIGHEST WIND SPEED/DIRECTION    29/300    DATE  03/21
HIGHEST GUST SPEED/DIRECTION    39/270    DATE  03/20

SKY COVER
POSSIBLE SUNSHINE (PERCENT)   MM
AVERAGE SKY COVER           0.30
NUMBER OF DAYS FAIR           19
NUMBER OF DAYS PC              7
NUMBER OF DAYS CLOUDY          5

AVERAGE RH (PERCENT)     61

WEATHER CONDITIONS. NUMBER OF DAYS WITH
  0
  4
  0
  0
  0
  0
  0
HAZE                      6

-  INDICATES NEGATIVE NUMBERS.
R  INDICATES RECORD WAS SET OR TIED.
MM INDICATES DATA IS MISSING.
T  INDICATES TRACE AMOUNT.

$$
