000
CXUS54 KBMX 030054
CLMANB


CLIMATE REPORT
NATIONAL WEATHER SERVICE BIRMINGHAM, AL
754 PM CDT MON APR 2 2018

...................................

...THE ANNISTON CLIMATE SUMMARY FOR THE MONTH OF MARCH 2018...

CLIMATE NORMAL PERIOD 1981 TO 2010
CLIMATE RECORD PERIOD 1903 TO 2018

WEATHER         OBSERVED          NORMAL  DEPART  LAST YEAR`S
                 VALUE   DATE(S)  VALUE   FROM    VALUE  DATE(S)
                                          NORMAL
................................................................
TEMPERATURE (F)
RECORD
 HIGH              89   03/09/1974
                        03/31/1963
 LOW                8   03/13/1993
HIGHEST            80   03/28        MM      MM       86  03/21
LOWEST             27   03/15        MM      MM       22  03/16
                        03/09
AVG. MAXIMUM     64.4              66.3    -1.9     69.0
AVG. MINIMUM     41.2              42.8    -1.6     45.5
MEAN             52.5                               57.3
DAYS MAX >= 90      0               0.0     0.0        0
DAYS MAX <= 32      0               0.0     0.0        0
DAYS MIN <= 32      5               4.0     1.0        5
DAYS MIN <= 0       0               0.0     0.0        0

PRECIPITATION (INCHES)
RECORD
 MAXIMUM        18.09   1977
 MINIMUM         1.38   1985
TOTALS           4.58              4.96   -0.38     4.25
DAILY AVG.       0.15              0.16   -0.01
DAYS >= .01        12               9.9     2.1
DAYS >= .10         6               6.7    -0.7
DAYS >= .50         4               3.6     0.4
DAYS >= 1.00        1               1.8    -0.8

DEGREE_DAYS
HEATING TOTAL     371               336      35      275
 SINCE 7/1       2413              2608    -195     1748
COOLING TOTAL       4                12      -8       43
 SINCE 1/1         36                13      23       45
.................................................................

WIND (MPH)
AVERAGE WIND SPEED              6.5
HIGHEST WIND SPEED/DIRECTION    28/290    DATE  03/29
HIGHEST GUST SPEED/DIRECTION    37/240    DATE  03/24

AVERAGE RH (PERCENT)     66

WEATHER CONDITIONS. NUMBER OF DAYS WITH
THUNDERSTORM              4     MIXED PRECIP               0
HEAVY RAIN                4     RAIN                       6
LIGHT RAIN               14     FREEZING RAIN              0
LT FREEZING RAIN          0     HAIL                       0
HEAVY SNOW                0     SNOW                       0
LIGHT SNOW                0     SLEET                      0
FOG                      11     FOG W/VIS <= 1/4 MILE      1
HAZE                      1

-  INDICATES NEGATIVE NUMBERS.
R  INDICATES RECORD WAS SET OR TIED.
MM INDICATES DATA IS MISSING.
T  INDICATES TRACE AMOUNT.

$$
