000
CXUS51 KCTP 011913
CLMIPT

PHLCLMIPT 000
TTAA00 KCTP 011042


CLIMATE REPORT
NATIONAL WEATHER SERVICE STATE COLLEGE PA
310 PM EDT SUN APR 1 2018

...................................

...THE WILLIAMSPORT PA CLIMATE SUMMARY FOR THE MONTH OF MARCH 2018...

CLIMATE NORMAL PERIOD 1981 TO 2010
CLIMATE RECORD PERIOD 1895 TO 2018

WEATHER         OBSERVED          NORMAL  DEPART  LAST YEAR`S
                 VALUE   DATE(S)  VALUE   FROM    VALUE  DATE(S)
                                          NORMAL
................................................................
TEMPERATURE (F)
RECORD
 HIGH              87   03/31/1998
                        03/30/1986
 LOW               -5   03/18/1916
HIGHEST            57   03/31                         67  03/01
LOWEST             20   03/25                         10  03/05
AVG. MAXIMUM     45.0              47.9    -2.9     46.0
AVG. MINIMUM     28.8              28.6     0.2     28.2
MEAN             36.9              38.2    -1.3     37.1
DAYS MAX >= 90      0               0.0     0.0        0
DAYS MAX <= 32      0               1.9    -1.9        5
DAYS MIN <= 32     24              20.4     3.6       18
DAYS MIN <= 0       0               0.1    -0.1        0

PRECIPITATION (INCHES)
RECORD
 MAXIMUM         8.95   1936
 MINIMUM         0.42   1910
TOTALS           2.13              2.97   -0.84     3.74
DAILY AVG.       0.07              0.10   -0.03     0.12
DAYS >= .01        13              11.5     1.5       16
DAYS >= .10         6               6.5    -0.5        8
DAYS >= .50         1               2.0    -1.0        2
DAYS >= 1.00        0               0.5    -0.5        1
GREATEST
 24 HR. TOTAL    0.89   03/01 TO 03/01

SNOWFALL (INCHES)
RECORDS
 TOTAL           35.6   1916
TOTALS            2.6               6.9    -4.3     22.6
SINCE 7/1        21.6              34.9   -13.3     41.1
SNOWDEPTH AVG.      0                MM      MM        2
DAYS >= 1.0         1               1.6    -0.6        3
GREATEST
 SNOW DEPTH         2   03/13                         14  03/15
 24 HR TOTAL      1.6   03/12 TO 03/12

DEGREE_DAYS
HEATING TOTAL     861               829      32      858
 SINCE 7/1       4911              5296    -385     4494
COOLING TOTAL       0                 0       0        0
 SINCE 1/1          0                 0       0        0
.................................................................

WIND (MPH)
AVERAGE WIND SPEED              8.7
HIGHEST WIND SPEED/DIRECTION    31/320    DATE  03/02
HIGHEST GUST SPEED/DIRECTION    49/320    DATE  03/02

SKY COVER
POSSIBLE SUNSHINE (PERCENT)   MM
AVERAGE SKY COVER           0.50
NUMBER OF DAYS FAIR           11
NUMBER OF DAYS PC              9
NUMBER OF DAYS CLOUDY         11

AVERAGE RH (PERCENT)     60

WEATHER CONDITIONS. NUMBER OF DAYS WITH
THUNDERSTORM              0     MIXED PRECIP               0
HEAVY RAIN                2     RAIN                       3
LIGHT RAIN                9     FREEZING RAIN              0
LT FREEZING RAIN          0     HAIL                       0
HEAVY SNOW                1     SNOW                       4
LIGHT SNOW               12     SLEET                      0
FOG                      13     FOG W/VIS <= 1/4 MILE      1
HAZE                      3

-  INDICATES NEGATIVE NUMBERS.
R  INDICATES RECORD WAS SET OR TIED.
MM INDICATES DATA IS MISSING.
T  INDICATES TRACE AMOUNT.

$$
