000
CXUS53 KIND 011538
CLMLAF


CLIMATE REPORT
NATIONAL WEATHER SERVICE INDIANAPOLIS IN
1138 AM EDT TUE MAY 1 2018

...................................

...THE LAFAYETTE IN CLIMATE SUMMARY FOR THE MONTH OF APRIL 2018...

CLIMATE NORMAL PERIOD 1981 TO 2010
CLIMATE RECORD PERIOD 9999 TO 9999

WEATHER         OBSERVED          NORMAL  DEPART  LAST YEAR`S
                 VALUE   DATE(S)  VALUE   FROM    VALUE  DATE(S)
                                          NORMAL
................................................................
TEMPERATURE (F)
HIGHEST            77   04/12                         82  04/26
LOWEST             19   04/08                         30  04/08
                        04/02
AVG. MAXIMUM     54.7              62.9    -8.2     66.5
AVG. MINIMUM     33.2              40.9    -7.7     45.2
MEAN             44.0              51.9    -7.9     55.9
DAYS MAX >= 90      0               0.0     0.0        0
DAYS MAX <= 32      0               0.1    -0.1        0
DAYS MIN <= 32     17               5.2    11.8        1
DAYS MIN <= 0       0               0.0     0.0        0

PRECIPITATION (INCHES)
TOTALS           2.95              3.54   -0.59     4.60
DAILY AVG.       0.10              0.12   -0.02     0.16
DAYS >= .01         7              11.4    -4.4       11
DAYS >= .10         4               7.1    -3.1        8
DAYS >= .50         3               2.2     0.8        3
DAYS >= 1.00        1               0.8     0.2        2
GREATEST
 24 HR. TOTAL    1.16   04/03 TO 04/03

DEGREE_DAYS
HEATING TOTAL     626               405     221      281
 SINCE 7/1       5931              5490     441     4693
COOLING TOTAL       2                12     -10       13
 SINCE 1/1          2                13     -11       14
.................................................................

WIND (MPH)
AVERAGE WIND SPEED              9.1
HIGHEST WIND SPEED/DIRECTION    35/280    DATE  04/04
HIGHEST GUST SPEED/DIRECTION    47/270    DATE  04/04

SKY COVER
POSSIBLE SUNSHINE (PERCENT)   MM
AVERAGE SKY COVER           0.50
NUMBER OF DAYS FAIR           14
NUMBER OF DAYS PC              5
NUMBER OF DAYS CLOUDY         11

AVERAGE RH (PERCENT)     67

WEATHER CONDITIONS. NUMBER OF DAYS WITH
THUNDERSTORM              2     MIXED PRECIP              0
HEAVY RAIN                2     RAIN                      3
LIGHT RAIN                8     FREEZING RAIN             0
LT FREEZING RAIN          0     HAIL                      0
HEAVY SNOW                1     SNOW                      1
LIGHT SNOW                7     SLEET                     0
FOG                      13     FOG W/VIS <= 1/4 MILE     1
HAZE                      0

-  INDICATES NEGATIVE NUMBERS.
R  INDICATES RECORD WAS SET OR TIED.
MM INDICATES DATA IS MISSING.
T  INDICATES TRACE AMOUNT.

$$
