000
CXHW51 PHFO 011619
CLMLIH


CLIMATE REPORT
NATIONAL WEATHER SERVICE HONOLULU HI
619 AM HST SUN APR 1 2018

...................................

...THE LIHUE HI CLIMATE SUMMARY FOR THE MONTH OF MARCH 2018...

CLIMATE NORMAL PERIOD 1981 TO 2010
CLIMATE RECORD PERIOD 1946 TO 2018

WEATHER         OBSERVED          NORMAL  DEPART  LAST YEAR`S
                 VALUE   DATE(S)  VALUE   FROM    VALUE  DATE(S)
                                          NORMAL
................................................................
TEMPERATURE (F)
RECORD
 HIGH              88   03/06/1986
 LOW               51   03/25/1955
HIGHEST            85   03/16        78       7       83  03/11
LOWEST             61   03/27        67      -6       60  03/07
AVG. MAXIMUM     77.3              78.4    -1.1     79.5
AVG. MINIMUM     68.1              67.0     1.1     68.0
MEAN             72.7              72.7     0.0     73.8
DAYS MAX >= 90      0               0.0     0.0        0
DAYS MAX <= 32      0               0.0     0.0        0
DAYS MIN <= 32      0               0.0     0.0        0
DAYS MIN <= 0       0               0.0     0.0        0

PRECIPITATION (INCHES)
RECORD
 MAXIMUM        36.13   2006
 MINIMUM            T   2010
TOTALS           9.03              4.61    4.42     4.11
DAILY AVG.       0.29              0.15    0.14     0.13
DAYS >= .01        20              15.3     4.7       10
DAYS >= .10         8               6.7     1.3        5
DAYS >= .50         3               2.0     1.0        2
DAYS >= 1.00        3               1.2     1.8        1
GREATEST
 24 HR. TOTAL    4.55   03/14 TO 03/14              2.43

SNOWFALL (INCHES)
RECORDS
 TOTAL            0.0   5
                        0
                        -26215
TOTALS            0.0               0.0     0.0      0.0
SINCE 7/1         0.0               0.0     0.0      0.0
SNOWDEPTH AVG.     MM                MM      MM        0
DAYS >= 1.0         0               0.0     0.0        0
GREATEST
 SNOW DEPTH        MM                                  0  MM
 24 HR TOTAL      0.0   03/31 TO 03/31               0.0

DEGREE_DAYS
HEATING TOTAL       0                 0       0        0
 SINCE 7/1          0                 0       0        0
COOLING TOTAL     248               239       9      280
 SINCE 1/1        699               634      65      721
.................................................................

WIND (MPH)
AVERAGE WIND SPEED              13.6
HIGHEST WIND SPEED/DIRECTION    30/040    DATE  03/08
HIGHEST GUST SPEED/DIRECTION    35/020    DATE  03/09

SKY COVER
POSSIBLE SUNSHINE (PERCENT)   MM
AVERAGE SKY COVER             MM
NUMBER OF DAYS FAIR            0
NUMBER OF DAYS PC              0
NUMBER OF DAYS CLOUDY          0

AVERAGE RH (PERCENT)     MM

WEATHER CONDITIONS. NUMBER OF DAYS WITH
THUNDERSTORM              0     MIXED PRECIP               0
HEAVY RAIN                0     RAIN                       0
LIGHT RAIN                0     FREEZING RAIN              0
LT FREEZING RAIN          0     HAIL                       0
HEAVY SNOW                0     SNOW                       0
LIGHT SNOW                0     SLEET                      0
FOG                      18     FOG W/VIS <= 1/4 MILE      0
HAZE                      6

-  INDICATES NEGATIVE NUMBERS.
R  INDICATES RECORD WAS SET OR TIED.
MM INDICATES DATA IS MISSING.
T  INDICATES TRACE AMOUNT.

$$
