000
CXUS54 KCRP 032141 CCA
CLMLRD
CLIMATE REPORT
NATIONAL WEATHER SERVICE CORPUS CHRISTI TX
1224 PM CDT WED APR 03 2024
...................................
...THE LAREDO CLIMATE SUMMARY FOR THE MONTH OF MARCH 2024...
CLIMATE NORMAL PERIOD 1991 TO 2020
CLIMATE RECORD PERIOD 1900 TO 2024
WEATHER OBSERVED NORMAL DEPART LAST YEAR`S
VALUE DATE(S) VALUE FROM VALUE DATE(S)
NORMAL
................................................................
TEMPERATURE (F)
RECORD
HIGH 105 03/06/1991
03/27/1984
03/26/1950
LOW 25 03/03/1922
03/15/1909
HIGHEST 99 03/13 86 13 101 03/01
LOWEST 51 03/01 53 -2 42 03/19
03/02
AVG. MAXIMUM 83.6 80.9 2.7 85.2
AVG. MINIMUM 61.4 57.5 3.9 62.1
MEAN 72.5 69.2 3.3 73.6
DAYS MAX >= 90 7 8.0 -1.0 15
DAYS MAX <= 32 0 0.0 0.0 0
DAYS MIN <= 32 0 0.0 0.0 0
DAYS MIN <= 0 0 0.0 0.0 0
PRECIPITATION (INCHES)
RECORD
MAXIMUM 4.78 2004
MINIMUM 0.00 1978
1977
1973
TOTALS 0.19 1.60 -1.41 0.41
DAILY AVG. 0.01 0.05 -0.04 0.01
DAYS >= .01 6 MM MM 4
DAYS >= .10 0 MM MM 2
DAYS >= .50 0 MM MM 0
DAYS >= 1.00 0 MM MM 0
GREATEST
24 HR. TOTAL 0.12 03/15 TO 03/15 0.25 03/18 TO 03/19
STORM TOTAL MM 0.23
(MM/DD(HH)) MM
SNOWFALL (INCHES)
RECORDS
TOTAL MM MM
24 HR TOTAL MM
TOTALS 0.0 MM MM 0.0
SINCE 7/1 T MM MM MM
SNOWDEPTH AVG. 0 0
DAYS >= 1.0 0 MM MM
GREATEST
SNOW DEPTH 0 0
24 HR TOTAL 0.0 MM
DEGREE DAYS
HEATING TOTAL 18 61 -43 45
SINCE 7/1 633 809 -176 MM
COOLING TOTAL 259 191 68 323
SINCE 1/1 390 291 99 MM
................................................................
WIND (MPH)
AVERAGE WIND SPEED MM
HIGHEST WIND SPEED/DIRECTION MM DATE MM
HIGHEST GUST SPEED/DIRECTION MM DATE MM
SKY COVER
AVERAGE SKY COVER 0.40
AVERAGE RH (PERCENT) 61
WEATHER CONDITIONS. NUMBER OF DAYS WITH
THUNDERSTORM 2 MIXED PRECIP 0
HEAVY RAIN 0 RAIN 1
LIGHT RAIN 8 FREEZING RAIN 0
LT FREEZING RAIN 0 HAIL 0
HEAVY SNOW 0 SNOW 0
LIGHT SNOW 0 SLEET 0
FOG 1 FOG W/VIS <= 1/4 MILE 0
HAZE 1
- INDICATES NEGATIVE NUMBERS.
R INDICATES RECORD WAS SET OR TIED.
MM INDICATES DATA IS MISSING.
T INDICATES TRACE AMOUNT.
$$