000
CXUS54 KLZK 012044
CLMLZK


CLIMATE REPORT
NATIONAL WEATHER SERVICE LITTLE ROCK AR
333 PM CDT TUE MAY 1 2018

...................................

...THE NORTH LITTLE ROCK CLIMATE SUMMARY FOR THE MONTH OF APRIL 2018...

CLIMATE NORMAL PERIOD 1981 TO 2010
CLIMATE RECORD PERIOD 1975 TO 2018

WEATHER         OBSERVED          NORMAL  DEPART  LAST YEAR`S
                 VALUE   DATE(S)  VALUE   FROM    VALUE  DATE(S)
                                          NORMAL
................................................................
TEMPERATURE (F)
RECORD
 HIGH              94   04/20/1987
 LOW               29   04/07/2018
HIGHEST            82   04/28        73       9       83  04/29
                                                          04/28
LOWEST             29R  04/07        53     -24       45  04/27
                                                          04/07
                                                          04/06
AVG. MAXIMUM     66.0              72.8    -6.8     74.9
AVG. MINIMUM     44.5              52.8    -8.3     55.5
MEAN             55.3              62.8    -7.5     65.2
DAYS MAX >= 90      0               0.2    -0.2        0
DAYS MAX <= 32      0               0.0     0.0        0
DAYS MIN <= 32      3               0.2     2.8        0
DAYS MIN <= 0       0               0.0     0.0        0

PRECIPITATION (INCHES)
RECORD
 MAXIMUM        11.01   1991
 MINIMUM         0.66   1987
TOTALS           5.96              4.79    1.17    10.01
DAILY AVG.       0.20              0.16    0.04     0.33
DAYS >= .01        10               9.6     0.4        9
DAYS >= .10         6                                  8
DAYS >= .50         5                                  5
DAYS >= 1.00        2               1.5     0.5        4
GREATEST
 24 HR. TOTAL    1.98   04/13 TO 04/13

SNOWFALL (INCHES)
RECORDS
 TOTAL              T   2003
                        1983
 24 HR TOTAL        T   04/09/2003 TO 04/09/2003
                        04/19/1983 TO 04/19/1983
TOTALS              TR              0.0     0.0      0.0
 LIQUID EQUIV       T              0.00    0.00     0.00
SINCE 7/1         1.5               4.4    -2.9      0.8
 LIQUID 7/1      0.15              0.50   -0.35     0.08
SNOWDEPTH AVG.      0
DAYS >= TRACE       1               0.0     1.0        0
DAYS >= 1.0         0                                  0
GREATEST
 SNOW DEPTH         0   MM
 24 HR TOTAL        TR  04/07 TO 04/07

DEGREE_DAYS
HEATING TOTAL     292               136     156       71
 SINCE 7/1       3037              2982      55     2173
COOLING TOTAL       8                70     -62       83
 SINCE 1/1         23                89     -66      127

FREEZE DATES
RECORD
 EARLIEST     10/20/1989
 LATEST       04/19/1983
EARLIEST                        11/13
LATEST                          03/19
.................................................................

WIND (MPH)
AVERAGE WIND SPEED              7.4
HIGHEST WIND SPEED/DIRECTION    22/060    DATE  04/06
HIGHEST GUST SPEED/DIRECTION    36/330    DATE  04/03

SKY COVER
POSSIBLE SUNSHINE (PERCENT)   MM
AVERAGE SKY COVER             MM
NUMBER OF DAYS FAIR          MM
NUMBER OF DAYS PC            MM
NUMBER OF DAYS CLOUDY        MM

AVERAGE RH (PERCENT)     65

WEATHER CONDITIONS. NUMBER OF DAYS WITH
THUNDERSTORM              3     MIXED PRECIP               0
HEAVY RAIN                3     RAIN                       4
LIGHT RAIN               12     FREEZING RAIN              0
LT FREEZING RAIN          0     HAIL                       0
HEAVY SNOW                0     SNOW                       0
LIGHT SNOW                1     SLEET                      1
FOG                       2     FOG W/VIS <= 1/4 MILE      0
HAZE                      0

-  INDICATES NEGATIVE NUMBERS.
R  INDICATES RECORD WAS SET OR TIED.
MM INDICATES DATA IS MISSING.
T  INDICATES TRACE AMOUNT.

&&

...Data for North Little Rock for April 2018...

.Summary...
April marked a significant change in temperature trends at North
Little Rock. After a few warmer than average months in the late winter and
early spring, April ended over seven degrees below the 30-year
average. Both high and low temperatures (which included several late-
season freezes) were significantly cooler than we would normally see
in April, and were among the coldest ever recorded for the month.

Rainfall was over an inch above average. Even so, this April was the
driest in three years.

For the first time since 2003, and only the 4th time since records
began in late 1975, snow fell during April, but was not measurable.

.Monthly Temperatures...
The average high temperature was the coldest since 1983, and the 2nd
coldest on record. The average low temperature was the coldest since
1983, and the coldest on record. The average monthly temperature was
the coldest since 1983, and the 2nd coldest on record.

It is interesting to note that the average temperature for April
(55.3 degrees) was colder than the average temperature for March
(55.5 degrees). Since records began in 1975, this has only happened
one other time...and that was in 2007.

.Daily Temperatures...
Daily temperatures were above average on six days, average on one
day, and below average on 23 days.

There were three days with low temperatures at or below freezing,
which was the most in April since 2007, and the most on record for
the month of April. Previously, the record was two in 1987 and
tied in 2007.

The freeze on April 16th was the latest freeze since 1983, and the
2nd latest on record. Since records began, the only later freeze was
April 19, 1983.

There were three days with high temperatures at or above 80 degrees,
which was the fewest since 2014.

.Daily Record Temperatures Tied or Broken During the Month...
Date  Record Type                 New Record        Previous Record
 7th  Coldest High Temperature    46 in 2018           47 in 2007
      Low Temperature             29 in 2018           30 in 2007
 8th  Coldest High Temperature    49 in 2018           49 in 2007, 1983
15th  Coldest High Temperature    48 in 2018           55 in 2014
16th  Low Temperature             31 in 2018           40 in 1999

On the 7th, the low temperature of 29 degrees set an all-time record low
temperature for the month of April at North Little Rock. The previous record
was 30 degrees, which was set on April 6, 1982, and tied on April 7, 2007 and
April 8, 2007.

On the 7th, the high temperature of 46 degrees most recently tied April 13, 1980
for the 4th coldest high temperature on record during the month of April.

On the 7th, the daily average temperature of 37.5 degrees most recently tied
April 19, 1983 for the all-time record low daily average temperature for the
month of April.

On the 8th, the low temperature of 31 degrees came in as the 3rd coldest on
record for the month.

On the 8th, the daily average temperature of 40.0 degrees went down as the 4th
coldest on record for the month.

On the 15th, the high temperature of 48 degrees most recently tied April 12,
1997 for the 6th coldest on record.

On the 16th, the low temperature of 31 degrees tied April 8th for the 3rd
coldest on record for the month.

.Monthly Rainfall...
Even though rainfall was above average, it was the driest April since 2015.

.Daily Rainfall Records Tied or Broken During the Month...
Date     New Record     Previous Record
 6th    1.44 in 2018      0.39 in 1992

.Monthly Snowfall...
For the first time since 2003, snow fell in the month of April, though it
was not measurable. Even though there was no snow accumulation, April 2018
ties with 2003, 1983, and 1980 for the snowiest April on record.

.Daily Record Snowfall Tied or Broken During the Month...
Date     New Record        Previous Record
 7th   Trace in 2018   None---record established

This was the latest snowfall at North Little Rock in 15 years, or since April 9,
2003, and the 5th latest on record.

.Miscellaneous Phenomena...
None.

$$

57
