000
CXUS56 KHNX 011642
CLMMAE


CLIMATE REPORT
NATIONAL WEATHER SERVICE SAN JOAQUIN VALLEY, CA
936 AM PDT TUE MAY 1 2018

...................................

...THE MADERA CA AIRPORT CLIMATE SUMMARY FOR THE MONTH OF APRIL 2018...

CLIMATE NORMAL PERIOD 1981 TO 2010
CLIMATE RECORD PERIOD 1998 TO 2018

WEATHER         OBSERVED          NORMAL  DEPART  LAST YEAR`S
                 VALUE   DATE(S)  VALUE   FROM    VALUE  DATE(S)
                                          NORMAL
................................................................
TEMPERATURE (F)
RECORD
 HIGH              98   04/21/2009
                        04/27/2004
                        07/24/2006
 LOW               31   04/04/1999
HIGHEST            90   04/24        MM      MM       87  04/30
                        04/23
LOWEST             36   04/17        MM      MM       35  04/09
AVG. MAXIMUM     75.5              74.2     1.3     74.4
AVG. MINIMUM     47.5              45.0     2.5     47.4
MEAN             61.5              59.6     1.9     60.9
DAYS MAX >= 90      2               1.4     0.6        0
DAYS MIN <= 32      0               0.0     0.0        0

PRECIPITATION (INCHES)
RECORD
 MAXIMUM         2.68   2010
TOTALS           0.71              0.95   -0.24     0.47
DAYS >= .01         4                MM      MM        5
DAYS >= .10         2                MM      MM        2
DAYS >= .50         0                MM      MM        0
DAYS >= 1.00        0                MM      MM        0
GREATEST
 24 HR. TOTAL    0.41   04/07 TO 04/07

SNOWFALL (INCHES)
RECORDS
 TOTAL            0.0
TOTALS            0.0                MM

DEGREE_DAYS
HEATING TOTAL     125               186     -61      122
 SINCE 7/1       2127              2604    -477     2043
COOLING TOTAL      28                24       4        7
 SINCE 1/1         30                25       5       13
.................................................................

WIND (MPH)
AVERAGE WIND SPEED              7.1
HIGHEST WIND SPEED/DIRECTION    26/330    DATE  04/12
HIGHEST GUST SPEED/DIRECTION    34/320    DATE  04/19

AVERAGE RH (PERCENT)     64

WEATHER CONDITIONS. NUMBER OF DAYS WITH
THUNDERSTORM              0     RAIN                       2
HAIL                      0     FOG                        4
FOG W/VIS <= 1/4 MILE     1     HAZE                       0

-  INDICATES NEGATIVE NUMBERS.
R  INDICATES RECORD WAS SET OR TIED.
MM INDICATES DATA IS MISSING.
T  INDICATES TRACE AMOUNT.

$$
