000
CXUS53 KEAX 010816
CLMOJC

STLCLMWK4 000
TTAA00 KEAX 010809


CLIMATE REPORT
NATIONAL WEATHER SERVICE KANSAS CITY/PLEASANT HILL MO
308 AM CDT TUE MAY 1 2018

...................................

...THE JOHNSON COUNTY EXECUTIVE CLIMATE SUMMARY FOR THE MONTH OF
APRIL 2018...

CLIMATE NORMAL PERIOD 1981 TO 2010
CLIMATE RECORD PERIOD 9999 TO 9999

WEATHER         OBSERVED          NORMAL  DEPART  LAST YEAR`S
                 VALUE   DATE(S)  VALUE   FROM    VALUE  DATE(S)
                                          NORMAL
................................................................
TEMPERATURE (F)
HIGHEST            80   04/30        83      -3       79  04/15
                        04/13
                        04/12
LOWEST             17R  04/04        29     -12       33  04/07
AVG. MAXIMUM     58.7              65.2    -6.5     66.1
AVG. MINIMUM     36.1              45.0    -8.9     47.3
MEAN             47.4              55.1    -7.7     56.7
DAYS MAX >= 90      0               0.1    -0.1        0
DAYS MAX <= 32      1               0.0     1.0        0
DAYS MIN <= 32     13               2.6    10.4        0
DAYS MIN <= 0       0               0.0     0.0        0

PRECIPITATION (INCHES)
TOTALS           0.92              3.99   -3.07     5.80
DAILY AVG.       0.03              0.13   -0.10     0.20
DAYS >= .01         7              10.1    -3.1       13
DAYS >= .10         3               6.6    -3.6        9
DAYS >= .50         0               2.9    -2.9        3
DAYS >= 1.00        0               1.1    -1.1        1
GREATEST
 24 HR. TOTAL    0.37   04/25 TO 04/25

DEGREE_DAYS
HEATING TOTAL     530               314     216      261
 SINCE 7/1       5063              4831     232     3918
COOLING TOTAL       6                17     -11       17
 SINCE 1/1          6                18     -12       26
.................................................................

WIND (MPH)
AVERAGE WIND SPEED              11.2
HIGHEST WIND SPEED/DIRECTION    32/200    DATE  04/13
HIGHEST GUST SPEED/DIRECTION    44/190    DATE  04/13

SKY COVER
POSSIBLE SUNSHINE (PERCENT)   MM
AVERAGE SKY COVER           0.40
NUMBER OF DAYS FAIR           16
NUMBER OF DAYS PC              7
NUMBER OF DAYS CLOUDY          7

AVERAGE RH (PERCENT)     62

-  INDICATES NEGATIVE NUMBERS.
R  INDICATES RECORD WAS SET OR TIED.
MM INDICATES DATA IS MISSING.
T  INDICATES TRACE AMOUNT.

$$
