000
CXUS52 KMFL 011449
CLMPBI


CLIMATE REPORT
NATIONAL WEATHER SERVICE MIAMI, FL
1039 AM EDT SUN APR 1 2018

...................................

...THE WEST PALM BEACH CLIMATE SUMMARY FOR THE MONTH OF MARCH 2018...

CLIMATE NORMAL PERIOD 1981 TO 2010
CLIMATE RECORD PERIOD 1888 TO 2018

WEATHER         OBSERVED          NORMAL  DEPART  LAST YEAR`S
                 VALUE   DATE(S)  VALUE   FROM    VALUE
                                          NORMAL
.............................................................
TEMPERATURE (F)
RECORD
 HIGH              95   03/31/2011
                        03/26/1928
 LOW               26   03/02/1920
HIGHEST            90   03/20                         87
LOWEST             45   03/15                         46
AVG. MAXIMUM     78.2              78.7    -0.5     78.8
AVG. MINIMUM     57.5              62.2    -4.7     62.2
MEAN             67.9              70.5    -2.6     70.5
DAYS MAX >= 90      1                                  0
DAYS MAX <= 32      0                                  0
DAYS MIN <= 32      0                                  0
DAYS MIN <= 0       0                                  0

PRECIPITATION (INCHES)
RECORD
 MAXIMUM        16.78   1982
 MINIMUM         0.00   1922
TOTALS           0.80              4.59   -3.79     1.52
DAILY AVG.       0.03              0.15   -0.12     0.05
DAYS >= .01         5                                  7
DAYS >= .10         2                                  3
DAYS >= .50         0                                  2
DAYS >= 1.00        0                                  0
GREATEST
 24 HR. TOTAL    0.34   03/07 TO 03/07              0.60

DEGREE_DAYS
HEATING TOTAL      39                24      15       16
 SINCE 7/1        179               229     -50       68
COOLING TOTAL     133               193     -60      194
 SINCE 1/1        539               428     111      534
..............................................................

WIND (MPH)
AVERAGE WIND SPEED              10.4
HIGHEST WIND SPEED/DIRECTION    33/280    DATE  03/12
HIGHEST GUST SPEED/DIRECTION    43/280    DATE  03/12

SKY COVER
POSSIBLE SUNSHINE (PERCENT)   MM
AVERAGE SKY COVER           0.40
NUMBER OF DAYS FAIR           14
NUMBER OF DAYS PC             16
NUMBER OF DAYS CLOUDY          0

AVERAGE RH (PERCENT)     65

WEATHER CONDITIONS. NUMBER OF DAYS WITH
  0
  2
  0
  0
  0
  0
  0
HAZE                      1

-  INDICATES NEGATIVE NUMBERS.
R  INDICATES RECORD WAS SET OR TIED.
MM INDICATES DATA IS MISSING.
T  INDICATES TRACE AMOUNT.

$$
