293
CXUS55 KABQ 021518 CCA
CLMROW

ABQCLMROW 000
TTAA00 KABQ 011500


CLIMATE REPORT...CORRECTION
NATIONAL WEATHER SERVICE ALBUQUERQUE NM
920 AM MDT MON APR 2 2018

...................................

...THE ROSWELL NM CLIMATE SUMMARY FOR THE MONTH OF MARCH 2018...

CLIMATE NORMAL PERIOD 1981 TO 2010
CLIMATE RECORD PERIOD 1893 TO 2018

WEATHER         OBSERVED          NORMAL  DEPART  LAST YEAR`S
                 VALUE   DATE(S)  VALUE   FROM    VALUE  DATE(S)
                                          NORMAL
................................................................
TEMPERATURE (F)
RECORD
 HIGH              93   03/12/1989
 LOW                9   03/03/2002
HIGHEST            92   03/23        MM      MM       91  03/23
                                                          03/20
                                                          03/19
LOWEST             24   03/07        MM      MM       27  03/03
AVG. MAXIMUM     73.8              68.3     5.5     78.9
AVG. MINIMUM     39.7              36.9     2.8     41.5
MEAN             56.8              52.6     4.2     60.2
DAYS MAX >= 90      1               0.2     0.8        4
DAYS MAX <= 32      0               0.0     0.0        0
DAYS MIN <= 32      6               7.3    -1.3        2
DAYS MIN <= 0       0               0.0     0.0        0

PRECIPITATION (INCHES)
RECORD
 MAXIMUM           MM   MM
 MINIMUM           MM   MM
TOTALS           0.01              0.51   -0.50     0.32
DAILY AVG.       0.00              0.02   -0.02     0.01
DAYS >= .01         1               3.3    -2.3        2
DAYS >= .10         0               1.4    -1.4        1
DAYS >= .50         0               0.2    -0.2        0
DAYS >= 1.00        0               0.1    -0.1        0
GREATEST
 24 HR. TOTAL    0.01   03/27 TO 03/27              0.30

SNOWFALL (INCHES)
RECORDS
 TOTAL             MM   MM
TOTALS            0.0               1.2    -1.2      0.0
SINCE 7/1         0.0              11.6   -11.6      2.5
SNOWDEPTH AVG.      0                MM      MM        0
DAYS >= 1.0         0               0.4    -0.4        0
GREATEST
 SNOW DEPTH         0   MM                             0  MM
 24 HR TOTAL      0.0   03/31 TO 03/31               0.0

DEGREE_DAYS
HEATING TOTAL     263               387    -124      175
 SINCE 7/1       2630              3094    -464     2320
COOLING TOTAL      17                 3      14       34
 SINCE 1/1         17                 3      14       34
.................................................................

WIND (MPH)
AVERAGE WIND SPEED              9.8
HIGHEST WIND SPEED/DIRECTION    41/230    DATE  03/26
HIGHEST GUST SPEED/DIRECTION    52/270    DATE  03/18

SKY COVER
AVERAGE SKY COVER           0.10
NUMBER OF DAYS FAIR           28
NUMBER OF PC                   2
NUMBER OF CLOUDY               1

AVERAGE RH (PERCENT)     33

WEATHER CONDITIONS. NUMBER OF DAYS WITH
THUNDERSTORM            0       MIXED PRECIP          0
HEAVY RAIN              0       RAIN                  0
LIGHT RAIN              0       FREEZING RAIN         0
LT FREEZING RAIN        0       HAIL                  0
HEAVY SNOW              0       SNOW                  0
LIGHT SNOW              0       SLEET                 0
FOG                     0       FOG W/VIS <= 1/4 MILE 0
HAZE                    5

-  INDICATES NEGATIVE NUMBERS.
R  INDICATES RECORD WAS SET OR TIED.
MM INDICATES DATA IS MISSING.
T  INDICATES TRACE AMOUNT.

$$
