000
CXUS53 KPAH 011703
CLSEVV

INDCLMEWS 000
TTAA00 KPAH 011657


CLIMATE REPORT
NATIONAL WEATHER SERVICE PADUCAH KY
1056 AM CST THU MAR 1 2018

...................................

...THE EVANSVILLE IN CLIMATE SUMMARY FOR THE WINTER SEASON,
FROM 12/1/2017 TO 2/28/2018...

CLIMATE NORMAL PERIOD 1981 TO 2010
CLIMATE RECORD PERIOD 1896 TO 2018

WEATHER         OBSERVED          NORMAL  DEPART
                 VALUE   DATE(S)  VALUE   FROM
                                          NORMAL
................................................
TEMPERATURE (F)
RECORD
 HIGH              79   02/24/2017
                        02/13/1962
                        02/13/1962
 LOW              -23   02/02/1951
HIGHEST            76   02/20        42      34
LOWEST             -2   01/02        24     -26
AVG. MAXIMUM     44.3              43.6     0.7
AVG. MINIMUM     26.1              26.1     0.0
MEAN             35.2              34.8     0.4
DAYS MAX >= 90      0               0.0     0.0
DAYS MAX <= 32     22              14.8     7.2
DAYS MIN <= 32     62              64.5    -2.5
DAYS MIN <= 0       1               1.8    -0.8

PRECIPITATION (INCHES)
RECORD
 MAXIMUM        24.38   1949
 MINIMUM         3.76   1976
TOTALS          14.63             10.03    4.60
DAILY AVG.       0.17              0.11    0.06
DAYS >= .01        30              29.5     0.5
DAYS >= .10        20              18.3     1.7
DAYS >= .50        13               6.7     6.3
DAYS >= 1.00        2               2.4    -0.4
GREATEST
 24 HR. TOTAL    3.45   MM
 STORM TOTAL       MM
 (MM/DD(HH))            MM

SNOWFALL (INCHES)
TOTALS            8.0
 LIQUID EQUIV    0.80
SINCE 7/1         8.0
 LIQUID 7/1      0.80
SNOWDEPTH AVG.      0
DAYS >= TRACE      20
DAYS >= 1.0         2
GREATEST
 SNOW DEPTH         4   01/13
 24 HR TOTAL      4.3   MM
 STORM TOTAL       MM
 (MM/DD(HH))            MM

DEGREE_DAYS
HEATING TOTAL    2606              2714    -108
 SINCE 7/1         MM              3574      MM
COOLING TOTAL       7                 0       7
 SINCE 1/1          7                 0       7

FREEZE DATES
RECORD
 EARLIEST     10/03/1974
 LATEST       05/10/1966
EARLIEST                        10/23
LATEST                          04/10
.................................................

WIND (MPH)
AVERAGE WIND SPEED              7.5
HIGHEST WIND SPEED/DIRECTION    33/240    DATE  02/15
HIGHEST GUST SPEED/DIRECTION    47/240    DATE  01/31

SKY COVER
POSSIBLE SUNSHINE (PERCENT)   MM
AVERAGE SKY COVER           0.50
NUMBER OF DAYS FAIR           35
NUMBER OF DAYS PC             22
NUMBER OF DAYS CLOUDY         31

AVERAGE RH (PERCENT)     74

WEATHER CONDITIONS. NUMBER OF DAYS WITH
  0
 13
  4
  0
  4
  0
  8
HAZE                      6

-  INDICATES NEGATIVE NUMBERS.
R  INDICATES RECORD WAS SET OR TIED.
MM INDICATES DATA IS MISSING.
T  INDICATES TRACE AMOUNT.

$$
