000
CXUS51 KPBZ 011432
CLSZZV


CLIMATE REPORT
NATIONAL WEATHER SERVICE PITTSBURGH PA
931 AM EST THU MAR 1 2018

...................................

...THE ZANESVILLE OH CLIMATE SUMMARY FOR THE SEASON, FROM
12/1/2017 TO 2/28/2018...

CLIMATE NORMAL PERIOD 1981 TO 2010
CLIMATE RECORD PERIOD 1895 TO 2018

WEATHER         OBSERVED          NORMAL  DEPART  LAST YEAR`S
                 VALUE   DATE(S)  VALUE   FROM    VALUE  DATE(S)
                                          NORMAL
................................................................
TEMPERATURE (F)
RECORD
 HIGH              78   MM
 LOW              -20   01/29/2014
HIGHEST            78R  02/20        MM      MM       MM  MM
LOWEST             -9   01/03        MM      MM       MM  MM
                        01/01
AVG. MAXIMUM     41.1              39.6     1.5       MM
AVG. MINIMUM     23.2              22.7     0.5       MM
MEAN             32.1              31.1     1.0       MM
DAYS MAX >= 90      0               0.0     0.0       MM
DAYS MAX <= 32     29              23.4     5.6       MM
DAYS MIN <= 32     71              72.0    -1.0       MM
DAYS MIN <= 0       8               3.4     4.6       MM

PRECIPITATION (INCHES)
RECORD
 MAXIMUM           MM   MM
 MINIMUM           MM   MM
TOTALS           8.81              7.41    1.40       MM
DAILY AVG.       0.10              0.08    0.02       MM
DAYS >= .01        39              37.0     2.0       MM
DAYS >= .10        21              17.9     3.1       MM
DAYS >= .50         6               4.3     1.7       MM
DAYS >= 1.00        1               1.1    -0.1       MM
GREATEST
 24 HR. TOTAL    1.09

DEGREE_DAYS
HEATING TOTAL    2965              3050     -85       MM
 SINCE 7/1       3949              4191    -242       MM
COOLING TOTAL       5                 0       5       MM
 SINCE 1/1          5                 0       5       MM
.................................................................

WIND (MPH)
AVERAGE WIND SPEED              6.8
HIGHEST WIND SPEED/DIRECTION    29/260    DATE  12/25
HIGHEST GUST SPEED/DIRECTION    49/310    DATE  01/13

AVERAGE RH (PERCENT)     69

WEATHER CONDITIONS. NUMBER OF DAYS WITH
THUNDERSTORM              2     MIXED PRECIP               0
HEAVY RAIN                8     RAIN                      17
LIGHT RAIN               27     FREEZING RAIN              2
LT FREEZING RAIN          4     HAIL                       0
HEAVY SNOW                2     SNOW                       6
LIGHT SNOW               36     SLEET                      0
FOG                      56     FOG W/VIS <= 1/4 MILE      6
HAZE                     25

-  INDICATES NEGATIVE NUMBERS.
R  INDICATES RECORD WAS SET OR TIED.
MM INDICATES DATA IS MISSING.
T  INDICATES TRACE AMOUNT.

$$
