000
CXUS53 KJAX 011626
CLACRG
CLIMATE REPORT
NATIONAL WEATHER SERVICE JACKSONVILLE FL
1126 AM EST SUN JAN 01 2023
...................................
...THE CRAIG EXEC ARPT CLIMATE SUMMARY FOR THE YEAR OF 2022...
CLIMATE NORMAL PERIOD: 1991 TO 2020
CLIMATE RECORD PERIOD: 1974 TO 2022
WEATHER OBSERVED NORMAL DEPART LAST YEAR`S
VALUE DATE(S) VALUE FROM VALUE DATE(S)
NORMAL
................................................................
TEMPERATURE (F)
RECORD
HIGH 103 06/23/2022
LOW 9 01/21/1985
HIGHEST 103R 06/23 98 5 97 06/11
06/15
LOWEST 26 12/24 27 -1 31 01/17
12/26
AVG. MAXIMUM 80.7 78.8 1.9 80.0
AVG. MINIMUM 62.0 60.1 1.9 61.8
MEAN 71.4 69.5 1.9 70.9
DAYS MAX >= 90 88 74.0 14.0 64
DAYS MIN <= 32 6 6.8 -0.8 2
PRECIPITATION (INCHES)
RECORD
MAXIMUM 69.41 2012
MINIMUM 29.73 2010
TOTALS 50.28 51.82 -1.54 61.40
DAILY AVG. 0.14 0.14 0.00 0.17
DAYS >= .01 129 125.1 3.9 124
DAYS >= .10 80 72.3 7.7 85
DAYS >= .50 35 29.7 5.3 46
DAYS >= 1.00 16 13.7 2.3 17
GREATEST
24 HR. TOTAL 2.68
SNOWFALL (INCHES)
RECORDS
TOTAL T 2010
TOTALS 0.0 0.0 0.0 0.0
DEGREE DAYS
HEATING TOTAL 860 1112 -252 809
SINCE 7/1 314 390 -76 MM
COOLING TOTAL 3293 2764 529 3081
SINCE 1/1 3293 2762 531 MM
................................................................
WIND (MPH)
AVERAGE WIND SPEED 6.8
HIGHEST WIND SPEED/DIRECTION 39/290 DATE 04/07
HIGHEST GUST SPEED/DIRECTION 58/070 DATE 04/07
SKY COVER
AVERAGE SKY COVER 0.29
AVERAGE RH (PERCENT) 72
WEATHER CONDITIONS. NUMBER OF DAYS WITH
THUNDERSTORM 92 MIXED PRECIP 0
HEAVY RAIN 73 RAIN 102
LIGHT RAIN 157 FREEZING RAIN 0
LT FREEZING RAIN 0 HAIL 0
HEAVY SNOW 0 SNOW 0
LIGHT SNOW 0 SLEET 0
FOG 165 FOG W/VIS <= 1/4 MILE 24
HAZE 2
- INDICATES NEGATIVE NUMBERS.
R INDICATES RECORD WAS SET OR TIED.
MM INDICATES DATA IS MISSING.
T INDICATES TRACE AMOUNT.
$$