000
CXUS54 KLIX 190810
CF6ASD
PRELIMINARY LOCAL CLIMATOLOGICAL DATA (WS FORM: F-6)
STATION: SLIDELL
MONTH: APRIL
YEAR: 2024
LATITUDE: 30 20 N
LONGITUDE: 89 49 W
TEMPERATURE IN F: :PCPN: SNOW: WIND :SUNSHINE: SKY :PK WND
================================================================================
1 2 3 4 5 6A 6B 7 8 9 10 11 12 13 14 15 16 17 18
12Z AVG MX 2MIN
DY MAX MIN AVG DEP HDD CDD WTR SNW DPTH SPD SPD DIR MIN PSBL S-S WX SPD DR
================================================================================
1 82 70 76 13 0 11 0.00 0.0 M 10.0 18 160 M M 10 25 160
2 83 70 77 14 0 12 0.03 0.0 M 7.4 18 170 M M 9 1 28 170
3 75 54 65 2 0 0 0.00 0.0 M 7.3 17 330 M M 1 30 350
4 77 42 60 -3 5 0 0.00 0.0 M 2.7 15 230 M M 0 23 330
5 83 49 66 2 0 1 0.00 0.0 M 2.6 13 250 M M 0 26 310
6 76 50 63 -1 2 0 0.00 0.0 M 5.2 13 160 M M 0 21 170
7 80 59 70 6 0 5 0.00 0.0 M 7.0 18 160 M M 5 27 180
8 76 69 73 9 0 8 0.15 0.0 M 7.3 17 140 M M 9 13 24 130
9 77 71 74 10 0 9 T 0.0 M 12.4 20 140 M M 10 30 140
10 74 65 70 6 0 5 7.30 0.0 M 8.6 30 130 M M 10 123 44 140
11 75 57 66 1 0 1 T 0.0 M 6.2 18 310 M M 4 31 290
12 81 50 66 1 0 1 0.00 0.0 M 3.5 20 360 M M 0 28 360
13 81 49 65 0 0 0 0.00 0.0 M 3.5 14 170 M M 0 23 170
14 80 51 66 1 0 1 0.00 0.0 M 4.7 16 170 M M 0 1 23 140
15 83 56 70 4 0 5 0.00 0.0 M 6.8 17 160 M M 3 1 25 160
16 82 66 74 8 0 9 0.00 0.0 M 9.5 23 170 M M 8 31 170
17 81 71 76 10 0 11 0.00 0.0 M 6.4 15 150 M M 8 22 140
18 82 70 76 10 0 11 0.00 0.0 M 5.8 20 160 M M 7 1 27 160
================================================================================
SM 1428 1069 7 90 7.48 0.0 116.9 M 84
================================================================================
AV 79.3 59.4 6.5 FASTST M M 5 MAX(MPH)
MISC ----> 30 130 44 140
================================================================================
NOTES:
# LAST OF SEVERAL OCCURRENCES
COLUMN 17 PEAK WIND IN M.P.H.
PRELIMINARY LOCAL CLIMATOLOGICAL DATA (WS FORM: F-6) , PAGE 2
STATION: SLIDELL
MONTH: APRIL
YEAR: 2024
LATITUDE: 30 20 N
LONGITUDE: 89 49 W
[TEMPERATURE DATA] [PRECIPITATION DATA] SYMBOLS USED IN COLUMN 16
AVERAGE MONTHLY: 69.4 TOTAL FOR MONTH: 7.48 1 = FOG OR MIST
DPTR FM NORMAL: 4.9 DPTR FM NORMAL: 4.47 2 = FOG REDUCING VISIBILITY
HIGHEST: 83 ON 15, 5 GRTST 24HR 7.30 ON 10-10 TO 1/4 MILE OR LESS
LOWEST: 42 ON 4 3 = THUNDER
SNOW, ICE PELLETS, HAIL 4 = ICE PELLETS
TOTAL MONTH: 0.0 INCH 5 = HAIL
GRTST 24HR 0.0 6 = FREEZING RAIN OR DRIZZLE
GRTST DEPTH: M ON M 7 = DUSTSTORM OR SANDSTORM:
VSBY 1/2 MILE OR LESS
8 = SMOKE OR HAZE
[NO. OF DAYS WITH] [WEATHER - DAYS WITH] 9 = BLOWING SNOW
X = TORNADO
MAX 32 OR BELOW: 0 0.01 INCH OR MORE: 3
MAX 90 OR ABOVE: 0 0.10 INCH OR MORE: 2
MIN 32 OR BELOW: 0 0.50 INCH OR MORE: 1
MIN 0 OR BELOW: 0 1.00 INCH OR MORE: 1
[HDD (BASE 65) ]
TOTAL THIS MO. 7 CLEAR (SCALE 0-3) 8
DPTR FM NORMAL -49 PTCLDY (SCALE 4-7) 4
TOTAL FM JUL 1 1270 CLOUDY (SCALE 8-10) 6
DPTR FM NORMAL -409
[CDD (BASE 65) ]
TOTAL THIS MO. 90
DPTR FM NORMAL 44 [PRESSURE DATA]
TOTAL FM JAN 1 191 HIGHEST SLP M ON M
DPTR FM NORMAL 93 LOWEST SLP 29.56 ON 10
[REMARKS]