000
CXUS51 KLWX 260815
CF6BWI
PRELIMINARY LOCAL CLIMATOLOGICAL DATA (WS FORM: F-6)
STATION: BALTIMORE MD
MONTH: APRIL
YEAR: 2024
LATITUDE: 39 10 N
LONGITUDE: 76 40 W
TEMPERATURE IN F: :PCPN: SNOW: WIND :SUNSHINE: SKY :PK WND
================================================================================
1 2 3 4 5 6A 6B 7 8 9 10 11 12 13 14 15 16 17 18
12Z AVG MX 2MIN
DY MAX MIN AVG DEP HDD CDD WTR SNW DPTH SPD SPD DIR MIN PSBL S-S WX SPD DR
================================================================================
1 54 50 52 2 13 0 0.71 0.0 0 6.6 15 70 M M 10 13 20 60
2 50 47 49 -1 16 0 0.94 0.0 0 11.2 25 100 M M 10 13 32 90
3 50 44 47 -3 18 0 1.21 0.0 0 12.6 25 80 M M 10 13 37 100
4 54 35 45 -6 20 0 0.02 0.0 0 6.3 26 290 M M 5 1 39 280
5 54 37 46 -5 19 0 0.00 0.0 0 12.6 26 300 M M 6 39 300
6 56 37 47 -5 18 0 0.00 0.0 0 11.8 26 340 M M 5 36 290
7 65 40 53 1 12 0 0.00 0.0 M 6.5 20 340 M M 3 26 340
8 71 36 54 2 11 0 0.00 0.0 M 4.0 15 150 M M 6 21 160
9 77 44 61 8 4 0 0.00 0.0 M 2.9 12 120 M M 8 19 120
10 77 57 67 14 0 2 0.00 0.0 M 4.1 13 250 M M 8 22 300
11 73 61 67 13 0 2 0.02 0.0 0 10.0 21 130 M M 10 13 38 130
12 68 56 62 8 3 0 0.20 0.0 0 15.8 30 270 M M 8 1 44 270
13 66 48 57 3 8 0 T 0.0 0 16.6 33 300 M M 5 48 300
14 82 40 61 6 4 0 0.00 0.0 0 8.5 24 210 M M 4 39 190
15 85 60 73 18 0 8 T 0.0 0 6.5 15 340 M M 7 22 260
16 77 50 64 9 1 0 0.00 0.0 0 4.8 17 20 M M 5 27 10
17 70 56 63 7 2 0 0.03 0.0 0 6.4 16 120 M M 8 3 26 30
18 69 53 61 5 4 0 0.00 0.0 0 7.8 17 80 M M 8 18 23 90
19 55 49 52 -4 13 0 0.01 0.0 0 6.3 14 120 M M 10 17 110
20 73 52 63 6 2 0 0.04 0.0 0 7.5 18 290 M M 6 1 36 260
21 54 42 48 -9 17 0 0.00 0.0 0 5.6 16 300 M M 8 25 340
22 65 35 50 -7 15 0 0.00 0.0 0 4.9 18 310 M M 2 25 280
23 72 38 55 -3 10 0 0.00 0.0 0 5.4 17 130 M M 5 26 130
24 75 51 63 5 2 0 0.00 0.0 0 8.7 22 270 M M 6 38 290
25 60 45 53 -5 12 0 T 0.0 0 8.2 15 40 M M 7 21 20
================================================================================
SM 1652 1163 224 12 3.18 0.0 201.6 M 170
================================================================================
AV 66.1 46.5 8.1 FASTST M M 7 MAX(MPH)
MISC ----> 33 300 48 300
================================================================================
NOTES:
# LAST OF SEVERAL OCCURRENCES
COLUMN 17 PEAK WIND IN M.P.H.
PRELIMINARY LOCAL CLIMATOLOGICAL DATA (WS FORM: F-6) , PAGE 2
STATION: BALTIMORE MD
MONTH: APRIL
YEAR: 2024
LATITUDE: 39 10 N
LONGITUDE: 76 40 W
[TEMPERATURE DATA] [PRECIPITATION DATA] SYMBOLS USED IN COLUMN 16
AVERAGE MONTHLY: 56.3 TOTAL FOR MONTH: 3.18 1 = FOG OR MIST
DPTR FM NORMAL: 2.1 DPTR FM NORMAL: 0.39 2 = FOG REDUCING VISIBILITY
HIGHEST: 85 ON 15 GRTST 24HR 1.22 ON 2- 3 TO 1/4 MILE OR LESS
LOWEST: 35 ON 22, 4 3 = THUNDER
SNOW, ICE PELLETS, HAIL 4 = ICE PELLETS
TOTAL MONTH: 0.0 INCH 5 = HAIL
GRTST 24HR 0.0 6 = FREEZING RAIN OR DRIZZLE
GRTST DEPTH: 0 7 = DUSTSTORM OR SANDSTORM:
VSBY 1/2 MILE OR LESS
8 = SMOKE OR HAZE
[NO. OF DAYS WITH] [WEATHER - DAYS WITH] 9 = BLOWING SNOW
X = TORNADO
MAX 32 OR BELOW: 0 0.01 INCH OR MORE: 9
MAX 90 OR ABOVE: 0 0.10 INCH OR MORE: 4
MIN 32 OR BELOW: 0 0.50 INCH OR MORE: 3
MIN 0 OR BELOW: 0 1.00 INCH OR MORE: 1
[HDD (BASE 65) ]
TOTAL THIS MO. 224 CLEAR (SCALE 0-3) 1
DPTR FM NORMAL -61 PTCLDY (SCALE 4-7) 17
TOTAL FM JUL 1 3601 CLOUDY (SCALE 8-10) 7
DPTR FM NORMAL -731
[CDD (BASE 65) ]
TOTAL THIS MO. 12
DPTR FM NORMAL -1 [PRESSURE DATA]
TOTAL FM JAN 1 12 HIGHEST SLP M ON M
DPTR FM NORMAL -3 LOWEST SLP 29.27 ON 3
[REMARKS]