000
CXUS55 KBOU 170900
CF6CCU
PRELIMINARY LOCAL CLIMATOLOGICAL DATA (WS FORM: F-6)
STATION: COPPER MTN/RED CLIFF
MONTH: APRIL
YEAR: 2024
LATITUDE: 39 28 N
LONGITUDE: 106 9 W
TEMPERATURE IN F: :PCPN: SNOW: WIND :SUNSHINE: SKY :PK WND
================================================================================
1 2 3 4 5 6A 6B 7 8 9 10 11 12 13 14 15 16 17 18
12Z AVG MX 2MIN
DY MAX MIN AVG DEP HDD CDD WTR SNW DPTH SPD SPD DIR MIN PSBL S-S WX SPD DR
================================================================================
1 27 18 23 M 42 0 M M M 9.8 18 290 M M 9 8 25 0
2 34 14 24 M 41 0 M M M 10.6 21 290 M M 5 8 32 280
3 41 25 33 M 32 0 M M M 12.9 23 280 M M 4 30 280
4 45 30 38 M 27 0 M M M 10.6 22 140 M M 0 30 140
5 45 28 37 M 28 0 M M M 22.3 44 110 M M 4 49 110
6 30 12 21 M 44 0 M M M 27.0 40 270 M M 10 54 280
7 27 9 18 M 47 0 M M M 16.9 31 280 M M 9 47 280
8 30 14 22 M 43 0 M M M 6.5 17 250 M M 3 23 230
9 36 19 28 M 37 0 M M M 10.4 16 270 M M 2 24 300
10 34 21 28 M 37 0 M M M 12.1 18 290 M M 8 8 26 270
11 37 23 30 M 35 0 M M M 14.2 27 270 M M 0 8 37 270
12 46 32 39 M 26 0 M M M 11.2 20 250 M M 2 23 240
13 46 34 40 M 25 0 M M M 8.9 18 250 M M 4 28 250
14 50 36 43 M 22 0 M M M 13.1 29 120 M M 0 35 120
15 39 23 31 M 34 0 M M M 15.2 22 170 M M 5 30 270
16 34 25 30 M 35 0 M M M 18.7 31 280 M M 8 40 280
================================================================================
SM 601 363 555 0 M M 220.4 M 73
================================================================================
AV 37.6 22.7 13.8 FASTST M M 5 MAX(MPH)
MISC ----> 44 110 54 280
================================================================================
NOTES:
# LAST OF SEVERAL OCCURRENCES
COLUMN 17 PEAK WIND IN M.P.H.
PRELIMINARY LOCAL CLIMATOLOGICAL DATA (WS FORM: F-6) , PAGE 2
STATION: COPPER MTN/RED CLIFF
MONTH: APRIL
YEAR: 2024
LATITUDE: 39 28 N
LONGITUDE: 106 9 W
[TEMPERATURE DATA] [PRECIPITATION DATA] SYMBOLS USED IN COLUMN 16
AVERAGE MONTHLY: 30.1 TOTAL FOR MONTH: M 1 = FOG OR MIST
DPTR FM NORMAL: 0.0 DPTR FM NORMAL: M 2 = FOG REDUCING VISIBILITY
HIGHEST: 50 ON 14 GRTST 24HR M ON M TO 1/4 MILE OR LESS
LOWEST: 9 ON 7 3 = THUNDER
SNOW, ICE PELLETS, HAIL 4 = ICE PELLETS
TOTAL MONTH: M 5 = HAIL
GRTST 24HR M ON M 6 = FREEZING RAIN OR DRIZZLE
GRTST DEPTH: M ON M 7 = DUSTSTORM OR SANDSTORM:
VSBY 1/2 MILE OR LESS
8 = SMOKE OR HAZE
[NO. OF DAYS WITH] [WEATHER - DAYS WITH] 9 = BLOWING SNOW
X = TORNADO
MAX 32 OR BELOW: 4 0.01 INCH OR MORE: 0
MAX 90 OR ABOVE: 0 0.10 INCH OR MORE: 0
MIN 32 OR BELOW: 14 0.50 INCH OR MORE: 0
MIN 0 OR BELOW: 0 1.00 INCH OR MORE: 0
[HDD (BASE 65) ]
TOTAL THIS MO. 555 CLEAR (SCALE 0-3) 6
DPTR FM NORMAL M PTCLDY (SCALE 4-7) 5
TOTAL FM JUL 1 8487 CLOUDY (SCALE 8-10) 5
DPTR FM NORMAL M
[CDD (BASE 65) ]
TOTAL THIS MO. 0
DPTR FM NORMAL M [PRESSURE DATA]
TOTAL FM JAN 1 0 HIGHEST SLP M ON M
DPTR FM NORMAL M LOWEST SLP M ON M
[REMARKS]