000
CXUS51 KAKQ 230710
CF6PHF
PRELIMINARY LOCAL CLIMATOLOGICAL DATA (WS FORM: F-6)
STATION: NEWPORT NEWS
MONTH: APRIL
YEAR: 2024
LATITUDE: 37 7 N
LONGITUDE: 76 30 W
TEMPERATURE IN F: :PCPN: SNOW: WIND :SUNSHINE: SKY :PK WND
================================================================================
1 2 3 4 5 6A 6B 7 8 9 10 11 12 13 14 15 16 17 18
12Z AVG MX 2MIN
DY MAX MIN AVG DEP HDD CDD WTR SNW DPTH SPD SPD DIR MIN PSBL S-S WX SPD DR
================================================================================
1 77 44 61 7 4 0 0.00 M M 7.4 15 70 M M 2 1 20 300
2 71 50 61 7 4 0 T M M 6.4 13 40 M M 8 1 21 110
3 74 49 62 8 3 0 0.33 M M 11.1 22 210 M M 8 1 43 300
4 58 39 49 -6 16 0 0.02 M M 10.3 23 270 M M 5 1 58 260
5 61 41 51 -4 14 0 0.00 M M 10.8 20 330 M M 5 33 340
6 58 40 49 -6 16 0 0.00 M M 11.7 17 310 M M 5 35 290
7 61 40 51 -5 14 0 0.00 M M 6.5 13 340 M M 2 21 330
8 71 37 54 -2 11 0 0.00 M M 6.1 12 180 M M 1 M M
9 76 56 66 10 0 1 T M M 10.3 17 220 M M 2 24 230
10 74 60 67 10 0 2 0.00 M M 10.5 17 240 M M 6 32 240
11 72 61 67 10 0 2 0.01 M M 14.0 23 190 M M 6 1 48 150
12 72 57 65 8 0 0 0.01 M M 17.8 28 230 M M 4 44 250
13 71 44 58 0 7 0 0.00 M M 13.8 23 290 M M 0 40 290
14 78 38 58 0 7 0 0.00 M M 9.6 18 210 M M 0 31 210
15 88 59 74 16 0 9 0.27 M M 10.6 21 40 M M 1 13 36 40
16 67 49 58 -1 7 0 0.00 M M 8.0 15 70 M M 1 21 30
17 80 46 63 4 2 0 0.00 M M 7.9 15 210 M M 2 27 200
18 76 52 64 5 1 0 0.00 M M 9.0 16 90 M M 2 23 80
19 58 51 55 -5 10 0 0.12 M M 8.6 14 90 M M 10 20 90
20 69 50 60 0 5 0 T M M 2.0 7 60 M M 7 1 M M
21 58 43 51 -9 14 0 0.29 M M 7.1 18 60 M M 9 1 30 40
22 58 36 47 -14 18 0 0.00 M M 5.5 13 40 M M 1 23 40
================================================================================
SM 1528 1042 153 14 1.05 M 205.1 M 87
================================================================================
AV 69.5 47.4 9.3 FASTST M M 4 MAX(MPH)
MISC ----> 28 230 58 260
================================================================================
NOTES:
# LAST OF SEVERAL OCCURRENCES
COLUMN 17 PEAK WIND IN M.P.H.
PRELIMINARY LOCAL CLIMATOLOGICAL DATA (WS FORM: F-6) , PAGE 2
STATION: NEWPORT NEWS
MONTH: APRIL
YEAR: 2024
LATITUDE: 37 7 N
LONGITUDE: 76 30 W
[TEMPERATURE DATA] [PRECIPITATION DATA] SYMBOLS USED IN COLUMN 16
AVERAGE MONTHLY: 58.4 TOTAL FOR MONTH: 1.05 1 = FOG OR MIST
DPTR FM NORMAL: 1.2 DPTR FM NORMAL: -1.23 2 = FOG REDUCING VISIBILITY
HIGHEST: 88 ON 15 GRTST 24HR 0.33 ON 3- 3 TO 1/4 MILE OR LESS
LOWEST: 36 ON 22 3 = THUNDER
SNOW, ICE PELLETS, HAIL 4 = ICE PELLETS
TOTAL MONTH: M 5 = HAIL
GRTST 24HR M ON M 6 = FREEZING RAIN OR DRIZZLE
GRTST DEPTH: M ON M 7 = DUSTSTORM OR SANDSTORM:
VSBY 1/2 MILE OR LESS
8 = SMOKE OR HAZE
[NO. OF DAYS WITH] [WEATHER - DAYS WITH] 9 = BLOWING SNOW
X = TORNADO
MAX 32 OR BELOW: 0 0.01 INCH OR MORE: 7
MAX 90 OR ABOVE: 0 0.10 INCH OR MORE: 4
MIN 32 OR BELOW: 0 0.50 INCH OR MORE: 0
MIN 0 OR BELOW: 0 1.00 INCH OR MORE: 0
[HDD (BASE 65) ]
TOTAL THIS MO. 153 CLEAR (SCALE 0-3) 11
DPTR FM NORMAL -44 PTCLDY (SCALE 4-7) 8
TOTAL FM JUL 1 3157 CLOUDY (SCALE 8-10) 3
DPTR FM NORMAL -259
[CDD (BASE 65) ]
TOTAL THIS MO. 14
DPTR FM NORMAL -11 [PRESSURE DATA]
TOTAL FM JAN 1 19 HIGHEST SLP M ON M
DPTR FM NORMAL -12 LOWEST SLP M ON M
[REMARKS]