000
CXUS54 KSJT 241000
CF6SJT
PRELIMINARY LOCAL CLIMATOLOGICAL DATA (WS FORM: F-6)
STATION: SAN ANGELO
MONTH: APRIL
YEAR: 2024
LATITUDE: 31 21 N
LONGITUDE: 100 30 W
TEMPERATURE IN F: :PCPN: SNOW: WIND :SUNSHINE: SKY :PK WND
================================================================================
1 2 3 4 5 6A 6B 7 8 9 10 11 12 13 14 15 16 17 18
12Z AVG MX 2MIN
DY MAX MIN AVG DEP HDD CDD WTR SNW DPTH SPD SPD DIR MIN PSBL S-S WX SPD DR
================================================================================
1 94 50 72 8 0 7 T 0.0 0 17.2 41 270 M M 3 38 56 290
2 71 45 58 -6 7 0 0.00 0.0 0 11.1 23 350 M M 0 33 330
3 83 40 62 -2 3 0 0.00 0.0 0 8.2 21 350 M M 0 29 320
4 88 39 64 0 1 0 0.00 0.0 0 5.9 17 180 M M 0 25 190
5 88 52 70 5 0 5 0.00 0.0 0 15.0 26 170 M M 0 43 180
6 92 63 78 13 0 13 0.00 0.0 0 15.7 30 190 M M 0 47 200
7 84 44 64 -1 1 0 0.00 0.0 0 9.0 20 240 M M 0 31 260
8 87 48 68 3 0 3 0.00 0.0 0 6.7 20 140 M M 2 26 140
9 86 54 70 4 0 5 0.00 0.0 0 13.0 30 310 M M 4 18 39 310
10 73 51 62 -4 3 0 0.00 0.0 0 16.6 29 340 M M 5 8 40 300
11 82 46 64 -2 1 0 0.00 0.0 0 6.1 13 70 M M 0 20 20
12 88 45 67 1 0 2 0.00 0.0 0 10.8 25 190 M M 0 35 170
13 89 64 77 11 0 12 0.00 0.0 0 11.4 23 190 M M 0 34 200
14 94 62 78 11 0 13 0.00 0.0 0 7.3 13 200 M M 2 20 200
15 95 70 83 16 0 18 0.00 0.0 M 11.7 21 160 M M 1 31 180
16 91 56 74 7 0 9 0.00 0.0 0 7.2 18 250 M M 0 27 250
17 93 58 76 9 0 11 0.00 0.0 0 6.7 13 180 M M 0 19 170
18 101 65 83 15 0 18 0.00 0.0 0 11.8 29 30 M M 2 1 38 30
19 69 56 63 -5 2 0 0.00 0.0 0 13.0 22 30 M M 9 26 80
20 63 50 57 -11 8 0 0.72 0.0 0 13.1 23 20 M M 10 138 30 30
21 65 48 57 -11 8 0 0.00 0.0 0 10.6 17 40 M M 7 1 24 50
22 79 50 65 -3 0 0 0.00 0.0 M 8.6 18 200 M M 5 26 170
23 90 57 74 5 0 9 0.00 0.0 0 13.4 24 200 M M 1 35 200
================================================================================
SM 1945 1213 34 125 0.72 0.0 250.1 M 51
================================================================================
AV 84.6 52.7 10.9 FASTST M M 2 MAX(MPH)
MISC ----> 41 270 56 290
================================================================================
NOTES:
# LAST OF SEVERAL OCCURRENCES
COLUMN 17 PEAK WIND IN M.P.H.
PRELIMINARY LOCAL CLIMATOLOGICAL DATA (WS FORM: F-6) , PAGE 2
STATION: SAN ANGELO
MONTH: APRIL
YEAR: 2024
LATITUDE: 31 21 N
LONGITUDE: 100 30 W
[TEMPERATURE DATA] [PRECIPITATION DATA] SYMBOLS USED IN COLUMN 16
AVERAGE MONTHLY: 68.7 TOTAL FOR MONTH: 0.72 1 = FOG OR MIST
DPTR FM NORMAL: 2.4 DPTR FM NORMAL: -0.34 2 = FOG REDUCING VISIBILITY
HIGHEST: 101 ON 18 GRTST 24HR 0.72 ON 20-20 TO 1/4 MILE OR LESS
LOWEST: 39 ON 4 3 = THUNDER
SNOW, ICE PELLETS, HAIL 4 = ICE PELLETS
TOTAL MONTH: 0.0 INCH 5 = HAIL
GRTST 24HR 0.0 6 = FREEZING RAIN OR DRIZZLE
GRTST DEPTH: 0 7 = DUSTSTORM OR SANDSTORM:
VSBY 1/2 MILE OR LESS
8 = SMOKE OR HAZE
[NO. OF DAYS WITH] [WEATHER - DAYS WITH] 9 = BLOWING SNOW
X = TORNADO
MAX 32 OR BELOW: 0 0.01 INCH OR MORE: 1
MAX 90 OR ABOVE: 8 0.10 INCH OR MORE: 1
MIN 32 OR BELOW: 0 0.50 INCH OR MORE: 1
MIN 0 OR BELOW: 0 1.00 INCH OR MORE: 0
[HDD (BASE 65) ]
TOTAL THIS MO. 34 CLEAR (SCALE 0-3) 17
DPTR FM NORMAL -32 PTCLDY (SCALE 4-7) 4
TOTAL FM JUL 1 1901 CLOUDY (SCALE 8-10) 2
DPTR FM NORMAL -211
[CDD (BASE 65) ]
TOTAL THIS MO. 125
DPTR FM NORMAL 31 [PRESSURE DATA]
TOTAL FM JAN 1 211 HIGHEST SLP M ON M
DPTR FM NORMAL 61 LOWEST SLP 29.42 ON 1
[REMARKS]