000
CXUS53 KJAX 011620
CLACRG
CLIMATE REPORT
NATIONAL WEATHER SERVICE JACKSONVILLE FL
1120 AM EST MON JAN 01 2024
...................................
...THE CRAIG EXEC ARPT CLIMATE SUMMARY FOR THE YEAR OF 2023...
CLIMATE NORMAL PERIOD: 1991 TO 2020
CLIMATE RECORD PERIOD: 1974 TO 2023
WEATHER OBSERVED NORMAL DEPART LAST YEAR`S
VALUE DATE(S) VALUE FROM VALUE DATE(S)
NORMAL
................................................................
TEMPERATURE (F)
RECORD
HIGH 103 06/23/2022
LOW 9 01/21/1985
HIGHEST 100 07/30 98 2 103 06/23
LOWEST 31 01/16 27 4 26 12/24
12/26
AVG. MAXIMUM 81.7 78.8 2.9 80.7
AVG. MINIMUM 62.5 60.1 2.4 62.0
MEAN 72.1 69.5 2.6 71.4
DAYS MAX >= 90 94 74.0 20.0 88
DAYS MIN <= 32 1 6.8 -5.8 6
PRECIPITATION (INCHES)
RECORD
MAXIMUM 69.41 2012
MINIMUM 29.73 2010
TOTALS 57.46 51.82 5.64 50.28
DAILY AVG. 0.16 0.14 0.02 0.14
DAYS >= .01 133 125.1 7.9 129
DAYS >= .10 86 72.3 13.7 80
DAYS >= .50 34 29.7 4.3 35
DAYS >= 1.00 17 13.7 3.3 16
GREATEST
24 HR. TOTAL 4.21
SNOWFALL (INCHES)
RECORDS
TOTAL T 2010
TOTALS 0.0 MM MM 0.0
DEGREE DAYS
HEATING TOTAL 664 1112 -448 860
SINCE 7/1 295 390 -95 MM
COOLING TOTAL 3362 2764 598 3293
SINCE 1/1 3362 2762 600 MM
................................................................
WIND (MPH)
AVERAGE WIND SPEED 7.1
HIGHEST WIND SPEED/DIRECTION 38/230 DATE 08/30
HIGHEST GUST SPEED/DIRECTION 59/200 DATE 08/30
SKY COVER
AVERAGE SKY COVER 0.30
AVERAGE RH (PERCENT) 74
WEATHER CONDITIONS. NUMBER OF DAYS WITH
THUNDERSTORM 83 MIXED PRECIP 0
HEAVY RAIN 78 RAIN 108
LIGHT RAIN 150 FREEZING RAIN 0
LT FREEZING RAIN 0 HAIL 0
HEAVY SNOW 0 SNOW 0
LIGHT SNOW 0 SLEET 0
FOG 172 FOG W/VIS <= 1/4 MILE 29
HAZE 4
- INDICATES NEGATIVE NUMBERS.
R INDICATES RECORD WAS SET OR TIED.
MM INDICATES DATA IS MISSING.
T INDICATES TRACE AMOUNT.
$$