000
CXUS51 KLWX 041919
CLMBWI
CLIMATE REPORT
NATIONAL WEATHER SERVICE BALTIMORE MD/WASHINGTON DC
219 PM EST MON MAR 04 2024
...................................
...THE BALTIMORE MD CLIMATE SUMMARY FOR THE MONTH OF FEBRUARY 2024...
CLIMATE NORMAL PERIOD: 1991 TO 2020
CLIMATE RECORD PERIOD: 1871 TO 2024
WEATHER OBSERVED NORMAL DEPART LAST YEAR`S
VALUE DATE(S) VALUE FROM VALUE
NORMAL
..............................................................
TEMPERATURE (F)
RECORD
HIGH 83 02/25/1930
LOW -7 02/09/1934
02/10/1899
HIGHEST 66 02/27 66 0 79
02/28
LOWEST 21 02/25 11 10 14
AVG. MAXIMUM 51.6 46.4 5.2 55.3
AVG. MINIMUM 30.7 26.9 3.8 34.1
MEAN 41.1 36.6 4.5 44.7
DAYS MAX >= 90 0 0.0 0.0 0
DAYS MAX <= 32 0 2.8 -2.8 1
DAYS MIN <= 32 20 21.0 -1.0 11
DAYS MIN <= 0 0 0.0 0.0 0
PRECIPITATION (INCHES)
RECORD
MAXIMUM 7.16 1979
MINIMUM 0.26 2009
TOTALS 1.84 2.90 -1.06 2.18
DAILY AVG. 0.06 NAN NAN 0.08
DAYS >= .01 9 9.3 -0.3 8
DAYS >= .10 5 5.5 -0.5 4
DAYS >= .50 1 2.0 -1.0 2
DAYS >= 1.00 0 0.6 -0.6 0
GREATEST
24 HR. TOTAL 0.99 02/12 TO 02/13 1.16
STORM TOTAL 0.89 0.77
(MM/DD(HH))
SNOWFALL (INCHES)
RECORDS
TOTAL 50.0 2010
TOTALS 2.2 7.5 -5.3 0.2
SINCE 7/1 11.3 16.5 -5.2 MM
DAYS >= TRACE 2 2.9 -0.9 3
DAYS >= 1.0 1 1.5 -0.5 0
GREATEST
SNOW DEPTH 2 02/17 MM
DEGREE DAYS
HEATING TOTAL 685 794 -109 561
SINCE 7/1 2889 3454 -565 MM
COOLING TOTAL 0 0 0 0
SINCE 1/1 0 0 0 MM
..............................................................
WIND (MPH)
AVERAGE WIND SPEED 5.9
HIGHEST WIND SPEED/DIRECTION 37/280
HIGHEST GUST SPEED/DIRECTION 51/280
SKY COVER
AVERAGE SKY COVER 0.52
AVERAGE RH (PERCENT) 62
WEATHER CONDITIONS. NUMBER OF DAYS WITH
THUNDERSTORM 2 MIXED PRECIP 0
HEAVY RAIN 1 RAIN 3
LIGHT RAIN 11 FREEZING RAIN 0
LT FREEZING RAIN 0 HAIL 0
HEAVY SNOW 1 SNOW 1
LIGHT SNOW 2 SLEET 1
FOG 11 FOG W/VIS <= 1/4 MILE 1
HAZE 3
- INDICATES NEGATIVE NUMBERS.
R INDICATES RECORD WAS SET OR TIED.
MM INDICATES DATA IS MISSING.
T INDICATES TRACE AMOUNT.
$$