000
CDUS41 KCLE 240527
CLICAK


CLIMATE REPORT
NATIONAL WEATHER SERVICE CLEVELAND OH
127 AM EDT TUE APR 24 2018


...................................

...THE AKRON CANTON OH CLIMATE SUMMARY FOR APRIL 23 2018...

CLIMATE NORMAL PERIOD 1981 TO 2010
CLIMATE RECORD PERIOD 1887 TO 2018


WEATHER ITEM   OBSERVED TIME   RECORD YEAR NORMAL DEPARTURE LAST
                VALUE   (LST)  VALUE       VALUE  FROM      YEAR
                                                  NORMAL
..................................................................
TEMPERATURE (F)
 YESTERDAY
  MAXIMUM         74    148 PM  88    1925  63     11       68
  MINIMUM         48    339 AM  23    1936  41      7       36
  AVERAGE         61                        52      9       52

PRECIPITATION (IN)
  YESTERDAY        0.00                      0.12  -0.12     0.00
  MONTH TO DATE    5.21                      2.75   2.46     3.54
  SINCE MAR 1      8.30                      5.73   2.57     9.07
  SINCE JAN 1     15.85                     10.65   5.20    17.58

SNOWFALL (IN)
  YESTERDAY        0.0                       0.1   -0.1      0.0
  MONTH TO DATE    6.2                       2.6    3.6      2.5
  SINCE MAR 1     15.1                      10.8    4.3     16.0
  SINCE JUL 1     53.3                      47.3    6.0     37.2
  SNOW DEPTH       0

DEGREE DAYS
 HEATING
  YESTERDAY        4                        13     -9       13
  MONTH TO DATE  485                       395     90      243
  SINCE MAR 1   1427                      1246    181     1046
  SINCE JUL 1   5573                      5790   -217     4646

 COOLING
  YESTERDAY        0                         0      0        0
  MONTH TO DATE    8                         0      8       17
  SINCE MAR 1      8                         0      8       17
  SINCE JAN 1     11                         0     11       19
..................................................................


WIND (MPH)
  HIGHEST WIND SPEED    22   HIGHEST WIND DIRECTION    SW (220)
  HIGHEST GUST SPEED    27   HIGHEST GUST DIRECTION     S (170)
  AVERAGE WIND SPEED     9.9


SKY COVER
  POSSIBLE SUNSHINE  MM
  AVERAGE SKY COVER 0.6


WEATHER CONDITIONS
 THE FOLLOWING WEATHER WAS RECORDED YESTERDAY.
  NO SIGNIFICANT WEATHER WAS OBSERVED.


RELATIVE HUMIDITY (PERCENT)
 HIGHEST    61           500 AM
 LOWEST     29           500 PM
 AVERAGE    45

..........................................................


THE AKRON CANTON OH CLIMATE NORMALS FOR TODAY
                         NORMAL    RECORD    YEAR
 MAXIMUM TEMPERATURE (F)   63        88      1925
 MINIMUM TEMPERATURE (F)   42        27      2015
                                             1930


SUNRISE AND SUNSET
APRIL 24 2018.........SUNRISE   633 AM EDT   SUNSET   815 PM EDT
APRIL 25 2018.........SUNRISE   632 AM EDT   SUNSET   816 PM EDT


-  INDICATES NEGATIVE NUMBERS.
R  INDICATES RECORD WAS SET OR TIED.
MM INDICATES DATA IS MISSING.
T  INDICATES TRACE AMOUNT.




$$
