000
CDUS41 KCLE 082113
CLICAK


CLIMATE REPORT
NATIONAL WEATHER SERVICE CLEVELAND OH
512 PM EDT SUN APR 8 2018


...................................

...THE AKRON CANTON OH CLIMATE SUMMARY FOR APRIL 8 2018...
VALID TODAY AS OF 0500 PM LOCAL TIME.

CLIMATE NORMAL PERIOD 1981 TO 2010
CLIMATE RECORD PERIOD 1887 TO 2018


WEATHER ITEM   OBSERVED TIME   RECORD YEAR NORMAL DEPARTURE LAST
                VALUE   (LST)  VALUE       VALUE  FROM      YEAR
                                                  NORMAL
..................................................................
TEMPERATURE (F)
 TODAY
  MAXIMUM         39    318 PM  80    2001  57    -18       58
  MINIMUM         26    611 AM  14    1972  36    -10       28
  AVERAGE         33                        46    -13       43

PRECIPITATION (IN)
  TODAY            T                         0.12  -0.12     0.00
  MONTH TO DATE    2.60                      0.95   1.65     0.88
  SINCE MAR 1      5.69                      3.93   1.76     6.41
  SINCE JAN 1     13.24                      8.85   4.39    14.92

SNOWFALL (IN)
  TODAY            T                         0.1   -0.1      0.0
  MONTH TO DATE    4.1                       1.2    2.9      2.5
  SINCE MAR 1     13.0                       9.4    3.6     16.0
  SINCE JUL 1     51.2                      45.9    5.3     37.2
  SNOW DEPTH       0

DEGREE DAYS
 HEATING
  TODAY           32                        19     13       22
  MONTH TO DATE  209                       160     49      145
  SINCE MAR 1   1151                      1011    140      948
  SINCE JUL 1   5297                      5555   -258     4548

 COOLING
  TODAY            0                         0      0        0
  MONTH TO DATE    0                         0      0        0
  SINCE MAR 1      0                         0      0        0
  SINCE JAN 1      3                         0      3        2
..................................................................


WIND (MPH)
  HIGHEST WIND SPEED    17   HIGHEST WIND DIRECTION    NW (330)
  HIGHEST GUST SPEED    22   HIGHEST GUST DIRECTION    NW (320)


SKY COVER
  POSSIBLE SUNSHINE  MM
  AVERAGE SKY COVER 0.6


WEATHER CONDITIONS
 THE FOLLOWING WEATHER WAS RECORDED TODAY.
  LIGHT SNOW


RELATIVE HUMIDITY (PERCENT)
 HIGHEST    75           500 AM
 LOWEST     33           300 PM
 AVERAGE    54

..........................................................


THE AKRON CANTON OH CLIMATE NORMALS FOR TOMORROW
                         NORMAL    RECORD    YEAR
 MAXIMUM TEMPERATURE (F)   57        80      2013
 MINIMUM TEMPERATURE (F)   37        15      1972


SUNRISE AND SUNSET
APRIL  8 2018.........SUNRISE   658 AM EDT   SUNSET   758 PM EDT
APRIL  9 2018.........SUNRISE   656 AM EDT   SUNSET   759 PM EDT


-  INDICATES NEGATIVE NUMBERS.
R  INDICATES RECORD WAS SET OR TIED.
MM INDICATES DATA IS MISSING.
T  INDICATES TRACE AMOUNT.




$$
