000
CDUS41 KCLE 070533
CLICAK


CLIMATE REPORT
NATIONAL WEATHER SERVICE CLEVELAND OH
132 AM EDT SAT APR 7 2018


...................................

...THE AKRON CANTON OH CLIMATE SUMMARY FOR APRIL 6 2018...

CLIMATE NORMAL PERIOD 1981 TO 2010
CLIMATE RECORD PERIOD 1887 TO 2018


WEATHER ITEM   OBSERVED TIME   RECORD YEAR NORMAL DEPARTURE LAST
                VALUE   (LST)  VALUE       VALUE  FROM      YEAR
                                                  NORMAL
..................................................................
TEMPERATURE (F)
 YESTERDAY
  MAXIMUM         51   1159 AM  83    2010  56     -5       57
                                      1929
  MINIMUM         27   1118 PM  19    1982  36     -9       34
  AVERAGE         39                        46     -7       46

PRECIPITATION (IN)
  YESTERDAY        0.23                      0.12   0.11     0.16
  MONTH TO DATE    2.60                      0.71   1.89     0.65
  SINCE MAR 1      5.69                      3.69   2.00     6.18
  SINCE JAN 1     13.24                      8.61   4.63    14.69

SNOWFALL (IN)
  YESTERDAY        1.7                       0.2    1.5      0.3
  MONTH TO DATE    4.1                       1.0    3.1      0.3
  SINCE MAR 1     13.0                       9.2    3.8     13.8
  SINCE JUL 1     51.2                      45.7    5.5     35.0
  SNOW DEPTH       1

DEGREE DAYS
 HEATING
  YESTERDAY       26                        19      7       19
  MONTH TO DATE  144                       122     22       95
  SINCE MAR 1   1086                       973    113      898
  SINCE JUL 1   5232                      5517   -285     4498

 COOLING
  YESTERDAY        0                         0      0        0
  MONTH TO DATE    0                         0      0        0
  SINCE MAR 1      0                         0      0        0
  SINCE JAN 1      3                         0      3        2
..................................................................


WIND (MPH)
  HIGHEST WIND SPEED    30   HIGHEST WIND DIRECTION     W (290)
  HIGHEST GUST SPEED    42   HIGHEST GUST DIRECTION     W (290)
  AVERAGE WIND SPEED    13.8


SKY COVER
  POSSIBLE SUNSHINE  MM
  AVERAGE SKY COVER 1.0


WEATHER CONDITIONS
 THE FOLLOWING WEATHER WAS RECORDED YESTERDAY.
  LIGHT RAIN
  SNOW
  LIGHT SNOW
  FOG
  HAZE


RELATIVE HUMIDITY (PERCENT)
 HIGHEST    89           300 AM
 LOWEST     39           100 PM
 AVERAGE    64

..........................................................


THE AKRON CANTON OH CLIMATE NORMALS FOR TODAY
                         NORMAL    RECORD    YEAR
 MAXIMUM TEMPERATURE (F)   56        82      1929
 MINIMUM TEMPERATURE (F)   36        16      1972


SUNRISE AND SUNSET
APRIL  7 2018.........SUNRISE   659 AM EDT   SUNSET   757 PM EDT
APRIL  8 2018.........SUNRISE   658 AM EDT   SUNSET   758 PM EDT


-  INDICATES NEGATIVE NUMBERS.
R  INDICATES RECORD WAS SET OR TIED.
MM INDICATES DATA IS MISSING.
T  INDICATES TRACE AMOUNT.




$$
