354
CDUS41 KCLE 092123
CLICAK


CLIMATE REPORT
NATIONAL WEATHER SERVICE CLEVELAND OH
519 PM EDT WED MAY 9 2018


...................................

...THE AKRON CANTON OH CLIMATE SUMMARY FOR MAY 9 2018...
VALID TODAY AS OF 0500 PM LOCAL TIME.

CLIMATE NORMAL PERIOD 1981 TO 2010
CLIMATE RECORD PERIOD 1887 TO 2018


WEATHER ITEM   OBSERVED TIME   RECORD YEAR NORMAL DEPARTURE LAST
                VALUE   (LST)  VALUE       VALUE  FROM      YEAR
                                                  NORMAL
..................................................................
TEMPERATURE (F)
 TODAY
  MAXIMUM         82    359 PM  88    2015  67     15       66
                                      1936
  MINIMUM         56    538 AM  26    1966  46     10       36
  AVERAGE         69                        57     12       51

PRECIPITATION (IN)
  TODAY            0.00                      0.13  -0.13     0.00
  MONTH TO DATE    0.64                      1.16  -0.52     2.65
  SINCE MAR 1      9.29                      7.69   1.60    12.76
  SINCE JAN 1     16.84                     12.61   4.23    21.27

SNOWFALL (IN)
  TODAY            0.0                       0.0    0.0      0.0
  MONTH TO DATE    0.0                       0.1   -0.1      0.0
  SINCE MAR 1     15.1                      11.0    4.1     16.0
  SINCE JUL 1     53.3                      47.5    5.8     37.2
  SNOW DEPTH       0

DEGREE DAYS
 HEATING
  TODAY            0                         9     -9       14
  MONTH TO DATE   12                        88    -76      126
  SINCE MAR 1   1560                      1420    140     1204
  SINCE JUL 1   5706                      5964   -258     4804

 COOLING
  TODAY            4                         1      3        0
  MONTH TO DATE   17                         3     14        0
  SINCE MAR 1     25                         9     16       22
  SINCE JAN 1     28                         9     19       24
..................................................................


WIND (MPH)
  HIGHEST WIND SPEED    24   HIGHEST WIND DIRECTION     S (200)
  HIGHEST GUST SPEED    28   HIGHEST GUST DIRECTION     S (200)


SKY COVER
  POSSIBLE SUNSHINE  MM
  AVERAGE SKY COVER 0.4


WEATHER CONDITIONS
 THE FOLLOWING WEATHER WAS RECORDED TODAY.
  NO SIGNIFICANT WEATHER WAS OBSERVED.


RELATIVE HUMIDITY (PERCENT)
 HIGHEST    67           600 AM
 LOWEST     35           200 PM
 AVERAGE    51

..........................................................


THE AKRON CANTON OH CLIMATE NORMALS FOR TOMORROW
                         NORMAL    RECORD    YEAR
 MAXIMUM TEMPERATURE (F)   68        91      1936
 MINIMUM TEMPERATURE (F)   47        24      1966


SUNRISE AND SUNSET
MAY  9 2018...........SUNRISE   614 AM EDT   SUNSET   831 PM EDT
MAY 10 2018...........SUNRISE   613 AM EDT   SUNSET   832 PM EDT


-  INDICATES NEGATIVE NUMBERS.
R  INDICATES RECORD WAS SET OR TIED.
MM INDICATES DATA IS MISSING.
T  INDICATES TRACE AMOUNT.




$$
