000
CDUS41 KCLE 220527
CLICAK


CLIMATE REPORT
NATIONAL WEATHER SERVICE CLEVELAND OH
126 AM EDT SUN APR 22 2018


...................................

...THE AKRON CANTON OH CLIMATE SUMMARY FOR APRIL 21 2018...

CLIMATE NORMAL PERIOD 1981 TO 2010
CLIMATE RECORD PERIOD 1887 TO 2018


WEATHER ITEM   OBSERVED TIME   RECORD YEAR NORMAL DEPARTURE LAST
                VALUE   (LST)  VALUE       VALUE  FROM      YEAR
                                                  NORMAL
..................................................................
TEMPERATURE (F)
 YESTERDAY
  MAXIMUM         57    523 PM  83    1987  62     -5       64
                                      1985
                                      1954
  MINIMUM         29    359 AM  22    1904  41    -12       47
  AVERAGE         43                        51     -8       56

PRECIPITATION (IN)
  YESTERDAY        0.00                      0.12  -0.12     0.02
  MONTH TO DATE    5.21                      2.52   2.69     3.54
  SINCE MAR 1      8.30                      5.50   2.80     9.07
  SINCE JAN 1     15.85                     10.42   5.43    17.58

SNOWFALL (IN)
  YESTERDAY        0.0                       0.0    0.0      0.0
  MONTH TO DATE    6.2                       2.5    3.7      2.5
  SINCE MAR 1     15.1                      10.7    4.4     16.0
  SINCE JUL 1     53.3                      47.2    6.1     37.2
  SNOW DEPTH       0

DEGREE DAYS
 HEATING
  YESTERDAY       22                        14      8        9
  MONTH TO DATE  470                       368    102      213
  SINCE MAR 1   1412                      1219    193     1016
  SINCE JUL 1   5558                      5763   -205     4616

 COOLING
  YESTERDAY        0                         0      0        0
  MONTH TO DATE    8                         0      8       17
  SINCE MAR 1      8                         0      8       17
  SINCE JAN 1     11                         0     11       19
..................................................................


WIND (MPH)
  HIGHEST WIND SPEED    12   HIGHEST WIND DIRECTION    NE (50)
  HIGHEST GUST SPEED    14   HIGHEST GUST DIRECTION    NE (50)
  AVERAGE WIND SPEED     3.1


SKY COVER
  POSSIBLE SUNSHINE  MM
  AVERAGE SKY COVER 0.6


WEATHER CONDITIONS
 THE FOLLOWING WEATHER WAS RECORDED YESTERDAY.
  NO SIGNIFICANT WEATHER WAS OBSERVED.


RELATIVE HUMIDITY (PERCENT)
 HIGHEST    69           700 AM
 LOWEST     17           500 PM
 AVERAGE    43

..........................................................


THE AKRON CANTON OH CLIMATE NORMALS FOR TODAY
                         NORMAL    RECORD    YEAR
 MAXIMUM TEMPERATURE (F)   62        85      1985
 MINIMUM TEMPERATURE (F)   41        23      1978


SUNRISE AND SUNSET
APRIL 22 2018.........SUNRISE   636 AM EDT   SUNSET   813 PM EDT
APRIL 23 2018.........SUNRISE   635 AM EDT   SUNSET   814 PM EDT


-  INDICATES NEGATIVE NUMBERS.
R  INDICATES RECORD WAS SET OR TIED.
MM INDICATES DATA IS MISSING.
T  INDICATES TRACE AMOUNT.




$$
