000
CDUS41 KCLE 170545
CLICAK


CLIMATE REPORT
NATIONAL WEATHER SERVICE CLEVELAND OH
145 AM EDT THU MAY 17 2018


...................................

...THE AKRON CANTON OH CLIMATE SUMMARY FOR MAY 16 2018...

CLIMATE NORMAL PERIOD 1981 TO 2010
CLIMATE RECORD PERIOD 1887 TO 2018


WEATHER ITEM   OBSERVED TIME   RECORD YEAR NORMAL DEPARTURE LAST
                VALUE   (LST)  VALUE       VALUE  FROM      YEAR
                                                  NORMAL
..................................................................
TEMPERATURE (F)
 YESTERDAY
  MAXIMUM         76    516 PM  90    1962  69      7       84
  MINIMUM         59    137 AM  30    1910  49     10       51
  AVERAGE         68                        59      9       68

PRECIPITATION (IN)
  YESTERDAY        T                         0.14  -0.14     0.00
  MONTH TO DATE    1.76                      2.14  -0.38     3.23
  SINCE MAR 1     10.41                      8.67   1.74    13.34
  SINCE JAN 1     17.96                     13.59   4.37    21.85

SNOWFALL (IN)
  YESTERDAY        0.0                       0.0    0.0      0.0
  MONTH TO DATE    0.0                       0.1   -0.1      0.0
  SINCE MAR 1     15.1                      11.0    4.1     16.0
  SINCE JUL 1     53.3                      47.5    5.8     37.2
  SNOW DEPTH       0

DEGREE DAYS
 HEATING
  YESTERDAY        0                         7     -7        0
  MONTH TO DATE   28                       143   -115      171
  SINCE MAR 1   1576                      1475    101     1249
  SINCE JUL 1   5722                      6019   -297     4849

 COOLING
  YESTERDAY        3                         1      2        3
  MONTH TO DATE   27                        10     17        3
  SINCE MAR 1     35                        16     19       25
  SINCE JAN 1     38                        16     22       27
..................................................................


WIND (MPH)
  HIGHEST WIND SPEED    10   HIGHEST WIND DIRECTION    NE (40)
  HIGHEST GUST SPEED    13   HIGHEST GUST DIRECTION    NE (40)
  AVERAGE WIND SPEED     5.1


SKY COVER
  POSSIBLE SUNSHINE  MM
  AVERAGE SKY COVER 0.8


WEATHER CONDITIONS
 THE FOLLOWING WEATHER WAS RECORDED YESTERDAY.
  LIGHT RAIN


RELATIVE HUMIDITY (PERCENT)
 HIGHEST    84          1200 AM
 LOWEST     58           400 PM
 AVERAGE    71

..........................................................


THE AKRON CANTON OH CLIMATE NORMALS FOR TODAY
                         NORMAL    RECORD    YEAR
 MAXIMUM TEMPERATURE (F)   70        90      1962
 MINIMUM TEMPERATURE (F)   49        30      1891


SUNRISE AND SUNSET
MAY 17 2018...........SUNRISE   606 AM EDT   SUNSET   839 PM EDT
MAY 18 2018...........SUNRISE   605 AM EDT   SUNSET   839 PM EDT


-  INDICATES NEGATIVE NUMBERS.
R  INDICATES RECORD WAS SET OR TIED.
MM INDICATES DATA IS MISSING.
T  INDICATES TRACE AMOUNT.




$$
