186
CDUS41 KCLE 120544
CLICAK


CLIMATE REPORT
NATIONAL WEATHER SERVICE CLEVELAND OH
143 AM EDT SAT MAY 12 2018


...................................

...THE AKRON CANTON OH CLIMATE SUMMARY FOR MAY 11 2018...

CLIMATE NORMAL PERIOD 1981 TO 2010
CLIMATE RECORD PERIOD 1887 TO 2018


WEATHER ITEM   OBSERVED TIME   RECORD YEAR NORMAL DEPARTURE LAST
                VALUE   (LST)  VALUE       VALUE  FROM      YEAR
                                                  NORMAL
..................................................................
TEMPERATURE (F)
 YESTERDAY
  MAXIMUM         60    438 PM  88    1936  68     -8       68
  MINIMUM         48   1159 PM  30    1913  47      1       49
  AVERAGE         54                        57     -3       59

PRECIPITATION (IN)
  YESTERDAY        0.01                      0.14  -0.13     0.49
  MONTH TO DATE    0.80                      1.43  -0.63     3.14
  SINCE MAR 1      9.45                      7.96   1.49    13.25
  SINCE JAN 1     17.00                     12.88   4.12    21.76

SNOWFALL (IN)
  YESTERDAY        0.0                       0.0    0.0      0.0
  MONTH TO DATE    0.0                       0.1   -0.1      0.0
  SINCE MAR 1     15.1                      11.0    4.1     16.0
  SINCE JUL 1     53.3                      47.5    5.8     37.2
  SNOW DEPTH       0

DEGREE DAYS
 HEATING
  YESTERDAY       11                         8      3        6
  MONTH TO DATE   23                       105    -82      138
  SINCE MAR 1   1571                      1437    134     1216
  SINCE JUL 1   5717                      5981   -264     4816

 COOLING
  YESTERDAY        0                         1     -1        0
  MONTH TO DATE   19                         5     14        0
  SINCE MAR 1     27                        11     16       22
  SINCE JAN 1     30                        11     19       24
..................................................................


WIND (MPH)
  HIGHEST WIND SPEED    16   HIGHEST WIND DIRECTION    NE (60)
  HIGHEST GUST SPEED    20   HIGHEST GUST DIRECTION    NE (60)
  AVERAGE WIND SPEED     9.1


SKY COVER
  POSSIBLE SUNSHINE  MM
  AVERAGE SKY COVER 0.7


WEATHER CONDITIONS
 THE FOLLOWING WEATHER WAS RECORDED YESTERDAY.
  THUNDERSTORM
  LIGHT RAIN


RELATIVE HUMIDITY (PERCENT)
 HIGHEST    77           100 AM
 LOWEST     38           800 AM
 AVERAGE    58

..........................................................


THE AKRON CANTON OH CLIMATE NORMALS FOR TODAY
                         NORMAL    RECORD    YEAR
 MAXIMUM TEMPERATURE (F)   68        87      1991
 MINIMUM TEMPERATURE (F)   47        30      1907


SUNRISE AND SUNSET
MAY 12 2018...........SUNRISE   611 AM EDT   SUNSET   834 PM EDT
MAY 13 2018...........SUNRISE   610 AM EDT   SUNSET   835 PM EDT


-  INDICATES NEGATIVE NUMBERS.
R  INDICATES RECORD WAS SET OR TIED.
MM INDICATES DATA IS MISSING.
T  INDICATES TRACE AMOUNT.




$$
